{"id":1277,"date":"2019-03-16T23:37:08","date_gmt":"2019-03-16T20:37:08","guid":{"rendered":"http:\/\/tamsanmotor.com\/?page_id=1277"},"modified":"2019-03-17T01:24:23","modified_gmt":"2019-03-16T22:24:23","slug":"camur-pompasi-2","status":"publish","type":"page","link":"https:\/\/tamsanmotor.com\/index.php\/urunler\/pompalar\/dalgic-pompalar\/camur-pompasi-2\/","title":{"rendered":"\u00c7amur Pompas\u0131"},"content":{"rendered":"\t\t<div data-elementor-type=\"wp-post\" data-elementor-id=\"1277\" class=\"elementor elementor-1277\">\n\t\t\t\t\t\t<section class=\"elementor-section elementor-top-section elementor-element elementor-element-7f07a32 elementor-section-boxed elementor-section-height-default elementor-section-height-default\" data-id=\"7f07a32\" data-element_type=\"section\">\n\t\t\t\t\t\t<div class=\"elementor-container elementor-column-gap-default\">\n\t\t\t\t\t<div class=\"elementor-column elementor-col-100 elementor-top-column elementor-element elementor-element-f6dab23\" data-id=\"f6dab23\" data-element_type=\"column\">\n\t\t\t<div class=\"elementor-widget-wrap elementor-element-populated\">\n\t\t\t\t\t\t<div class=\"elementor-element elementor-element-090a527 elementor-widget elementor-widget-heading\" data-id=\"090a527\" data-element_type=\"widget\" data-widget_type=\"heading.default\">\n\t\t\t\t\t<h3 class=\"elementor-heading-title elementor-size-default\">1450 d\/d 5.5 ve 7.5 Hp 3\u201d \u00e7\u0131k\u0131\u015fl\u0131 max 18 m y\u00fcksekli\u011fe ve  1.2 kg\/cm  ile 2.5 kg\/cm3  aras\u0131 yo\u011funlu\u011fa kadar olan s\u0131v\u0131lar\u0131n tahliyesi i\u00e7in son derece ideal pompalard\u0131r. Pompa \u015faft\u0131na monte edilen kar\u0131\u015ft\u0131r\u0131c\u0131 sayesinde  s\u0131v\u0131 yo\u011funlu\u011funu azaltarak  tahliye edilmesine olanak sa\u011flayan sistem sayesinde, in\u015faat, birikinti su tahliyesinde, yo\u011fun olan fosseptiklerde, t\u00fcnel \u00e7al\u0131\u015fmalar\u0131nda, baraj \u00e7al\u0131\u015fmalar\u0131nda, kumsal alanlarda daha ekonomik \u00e7\u00f6z\u00fcm sunmaktad\u0131r.\n<br><br>\nPompa \u00fczerinde 10m kablo, flat\u00f6r ve standart montajl\u0131 vermi\u015f oldu\u011fumuz elektrik panosu sayesinde, pompan\u0131n s\u0131k\u0131\u015fmas\u0131 veya blokaj olmas\u0131 durumunda, pano i\u00e7erisindeki termi\u011fin devreye girmesi ile pompa motorunun yanmas\u0131 , faz hatas\u0131 veya pompan\u0131n susuz \u00e7al\u0131\u015fmas\u0131 engellenmektedir. Ayr\u0131ca pano \u00fczerindeki (L1-L2-L3) enerji takibi sa\u011flayabilecek elektrik motorlar\u0131 y\u00fcksek verimli ve termist\u00f6r korumal\u0131d\u0131r.<\/h3>\t\t\t\t<\/div>\n\t\t\t\t\t<\/div>\n\t\t<\/div>\n\t\t\t\t\t<\/div>\n\t\t<\/section>\n\t\t\t\t<section class=\"elementor-section elementor-top-section elementor-element elementor-element-0c20efb elementor-section-boxed elementor-section-height-default elementor-section-height-default\" data-id=\"0c20efb\" data-element_type=\"section\">\n\t\t\t\t\t\t<div class=\"elementor-container elementor-column-gap-default\">\n\t\t\t\t\t<div class=\"elementor-column elementor-col-100 elementor-top-column elementor-element elementor-element-33dea96\" data-id=\"33dea96\" data-element_type=\"column\">\n\t\t\t<div class=\"elementor-widget-wrap elementor-element-populated\">\n\t\t\t\t\t\t<div class=\"elementor-element elementor-element-c701593 elementor-widget elementor-widget-image\" data-id=\"c701593\" data-element_type=\"widget\" data-widget_type=\"image.default\">\n\t\t\t\t\t\t\t\t\t\t\t\t\t\t\t<img data-opt-id=442897443  fetchpriority=\"high\" decoding=\"async\" width=\"740\" height=\"740\" src=\"https:\/\/mlnbhdmb5shf.i.optimole.com\/w:740\/h:740\/q:mauto\/f:best\/https:\/\/tamsanmotor.com\/wp-content\/uploads\/2019\/03\/camur-pompasi.jpg\" class=\"attachment-large size-large wp-image-1377\" alt=\"\" srcset=\"https:\/\/mlnbhdmb5shf.i.optimole.com\/w:150\/h:150\/q:mauto\/f:best\/https:\/\/tamsanmotor.com\/wp-content\/uploads\/2019\/03\/camur-pompasi.jpg 150w, https:\/\/mlnbhdmb5shf.i.optimole.com\/w:300\/h:300\/q:mauto\/f:best\/https:\/\/tamsanmotor.com\/wp-content\/uploads\/2019\/03\/camur-pompasi.jpg 300w, https:\/\/mlnbhdmb5shf.i.optimole.com\/w:100\/h:100\/q:mauto\/f:best\/https:\/\/tamsanmotor.com\/wp-content\/uploads\/2019\/03\/camur-pompasi.jpg 100w\" sizes=\"(max-width: 740px) 100vw, 740px\" \/>\t\t\t\t\t\t\t\t\t\t\t\t\t\t\t<\/div>\n\t\t\t\t\t<\/div>\n\t\t<\/div>\n\t\t\t\t\t<\/div>\n\t\t<\/section>\n\t\t\t\t<\/div>\n\t\t","protected":false},"excerpt":{"rendered":"<p>1450 d\/d 5.5 ve 7.5 Hp 3\u201d \u00e7\u0131k\u0131\u015fl\u0131 max 18 m y\u00fcksekli\u011fe ve 1.2 kg\/cm ile 2.5 kg\/cm3 aras\u0131 yo\u011funlu\u011fa kadar olan s\u0131v\u0131lar\u0131n tahliyesi i\u00e7in son derece ideal pompalard\u0131r. Pompa \u015faft\u0131na monte edilen kar\u0131\u015ft\u0131r\u0131c\u0131 sayesinde s\u0131v\u0131 yo\u011funlu\u011funu azaltarak tahliye edilmesine olanak sa\u011flayan sistem sayesinde, in\u015faat, birikinti su tahliyesinde, yo\u011fun olan fosseptiklerde, t\u00fcnel \u00e7al\u0131\u015fmalar\u0131nda, baraj \u00e7al\u0131\u015fmalar\u0131nda, [&hellip;]<\/p>\n","protected":false},"author":1,"featured_media":0,"parent":792,"menu_order":0,"comment_status":"closed","ping_status":"closed","template":"","meta":{"footnotes":""},"wf_page_folders":[],"class_list":["post-1277","page","type-page","status-publish","hentry"],"yoast_head":"<!-- This site is optimized with the Yoast SEO plugin v24.8.1 - https:\/\/yoast.com\/wordpress\/plugins\/seo\/ -->\n<title>\u00c7amur Pompas\u0131 - Tamsan Motor<\/title>\n<meta name=\"robots\" content=\"index, follow, max-snippet:-1, max-image-preview:large, max-video-preview:-1\" \/>\n<link rel=\"canonical\" href=\"https:\/\/tamsanmotor.com\/index.php\/urunler\/pompalar\/dalgic-pompalar\/camur-pompasi-2\/\" \/>\n<meta property=\"og:locale\" content=\"tr_TR\" \/>\n<meta property=\"og:type\" content=\"article\" \/>\n<meta property=\"og:title\" content=\"\u00c7amur Pompas\u0131 - Tamsan Motor\" \/>\n<meta property=\"og:description\" content=\"1450 d\/d 5.5 ve 7.5 Hp 3\u201d \u00e7\u0131k\u0131\u015fl\u0131 max 18 m y\u00fcksekli\u011fe ve 1.2 kg\/cm ile 2.5 kg\/cm3 aras\u0131 yo\u011funlu\u011fa kadar olan s\u0131v\u0131lar\u0131n tahliyesi i\u00e7in son derece ideal pompalard\u0131r. Pompa \u015faft\u0131na monte edilen kar\u0131\u015ft\u0131r\u0131c\u0131 sayesinde s\u0131v\u0131 yo\u011funlu\u011funu azaltarak tahliye edilmesine olanak sa\u011flayan sistem sayesinde, in\u015faat, birikinti su tahliyesinde, yo\u011fun olan fosseptiklerde, t\u00fcnel \u00e7al\u0131\u015fmalar\u0131nda, baraj \u00e7al\u0131\u015fmalar\u0131nda, [&hellip;]\" \/>\n<meta property=\"og:url\" content=\"https:\/\/tamsanmotor.com\/index.php\/urunler\/pompalar\/dalgic-pompalar\/camur-pompasi-2\/\" \/>\n<meta property=\"og:site_name\" content=\"Tamsan Motor\" \/>\n<meta property=\"article:modified_time\" content=\"2019-03-16T22:24:23+00:00\" \/>\n<meta property=\"og:image\" content=\"https:\/\/mlnbhdmb5shf.i.optimole.com\/w:auto\/h:auto\/q:mauto\/f:best\/http:\/\/tamsanmotor.com\/wp-content\/uploads\/2019\/03\/camur-pompasi.jpg\" \/>\n<meta name=\"twitter:card\" content=\"summary_large_image\" \/>\n<meta name=\"twitter:label1\" content=\"Tahmini okuma s\u00fcresi\" \/>\n\t<meta name=\"twitter:data1\" content=\"1 dakika\" \/>\n<script type=\"application\/ld+json\" class=\"yoast-schema-graph\">{\"@context\":\"https:\/\/schema.org\",\"@graph\":[{\"@type\":\"WebPage\",\"@id\":\"https:\/\/tamsanmotor.com\/index.php\/urunler\/pompalar\/dalgic-pompalar\/camur-pompasi-2\/\",\"url\":\"https:\/\/tamsanmotor.com\/index.php\/urunler\/pompalar\/dalgic-pompalar\/camur-pompasi-2\/\",\"name\":\"\u00c7amur Pompas\u0131 - Tamsan Motor\",\"isPartOf\":{\"@id\":\"https:\/\/tamsanmotor.com\/#website\"},\"primaryImageOfPage\":{\"@id\":\"https:\/\/tamsanmotor.com\/index.php\/urunler\/pompalar\/dalgic-pompalar\/camur-pompasi-2\/#primaryimage\"},\"image\":{\"@id\":\"https:\/\/tamsanmotor.com\/index.php\/urunler\/pompalar\/dalgic-pompalar\/camur-pompasi-2\/#primaryimage\"},\"thumbnailUrl\":\"https:\/\/mlnbhdmb5shf.i.optimole.com\/w:auto\/h:auto\/q:mauto\/f:best\/http:\/\/tamsanmotor.com\/wp-content\/uploads\/2019\/03\/camur-pompasi.jpg\",\"datePublished\":\"2019-03-16T20:37:08+00:00\",\"dateModified\":\"2019-03-16T22:24:23+00:00\",\"breadcrumb\":{\"@id\":\"https:\/\/tamsanmotor.com\/index.php\/urunler\/pompalar\/dalgic-pompalar\/camur-pompasi-2\/#breadcrumb\"},\"inLanguage\":\"tr\",\"potentialAction\":[{\"@type\":\"ReadAction\",\"target\":[\"https:\/\/tamsanmotor.com\/index.php\/urunler\/pompalar\/dalgic-pompalar\/camur-pompasi-2\/\"]}]},{\"@type\":\"ImageObject\",\"inLanguage\":\"tr\",\"@id\":\"https:\/\/tamsanmotor.com\/index.php\/urunler\/pompalar\/dalgic-pompalar\/camur-pompasi-2\/#primaryimage\",\"url\":\"https:\/\/mlnbhdmb5shf.i.optimole.com\/w:auto\/h:auto\/q:mauto\/f:best\/https:\/\/tamsanmotor.com\/wp-content\/uploads\/2019\/03\/camur-pompasi.jpg\",\"contentUrl\":\"https:\/\/mlnbhdmb5shf.i.optimole.com\/w:auto\/h:auto\/q:mauto\/f:best\/https:\/\/tamsanmotor.com\/wp-content\/uploads\/2019\/03\/camur-pompasi.jpg\",\"width\":740,\"height\":876},{\"@type\":\"BreadcrumbList\",\"@id\":\"https:\/\/tamsanmotor.com\/index.php\/urunler\/pompalar\/dalgic-pompalar\/camur-pompasi-2\/#breadcrumb\",\"itemListElement\":[{\"@type\":\"ListItem\",\"position\":1,\"name\":\"Ana sayfa\",\"item\":\"https:\/\/tamsanmotor.com\/\"},{\"@type\":\"ListItem\",\"position\":2,\"name\":\"\u00dcr\u00fcnler\",\"item\":\"https:\/\/tamsanmotor.com\/index.php\/urunler\/\"},{\"@type\":\"ListItem\",\"position\":3,\"name\":\"Pompalar\",\"item\":\"https:\/\/tamsanmotor.com\/index.php\/urunler\/pompalar\/\"},{\"@type\":\"ListItem\",\"position\":4,\"name\":\"Dalg\u0131\u00e7 Pompalar\",\"item\":\"https:\/\/tamsanmotor.com\/index.php\/urunler\/pompalar\/dalgic-pompalar\/\"},{\"@type\":\"ListItem\",\"position\":5,\"name\":\"\u00c7amur Pompas\u0131\"}]},{\"@type\":\"WebSite\",\"@id\":\"https:\/\/tamsanmotor.com\/#website\",\"url\":\"https:\/\/tamsanmotor.com\/\",\"name\":\"Tamsan Elektrik Motor\",\"description\":\"\",\"publisher\":{\"@id\":\"https:\/\/tamsanmotor.com\/#organization\"},\"potentialAction\":[{\"@type\":\"SearchAction\",\"target\":{\"@type\":\"EntryPoint\",\"urlTemplate\":\"https:\/\/tamsanmotor.com\/?s={search_term_string}\"},\"query-input\":{\"@type\":\"PropertyValueSpecification\",\"valueRequired\":true,\"valueName\":\"search_term_string\"}}],\"inLanguage\":\"tr\"},{\"@type\":\"Organization\",\"@id\":\"https:\/\/tamsanmotor.com\/#organization\",\"name\":\"Tamsan Elektrik Motor San. ve Tic. Ltd. \u015eti.\",\"url\":\"https:\/\/tamsanmotor.com\/\",\"logo\":{\"@type\":\"ImageObject\",\"inLanguage\":\"tr\",\"@id\":\"https:\/\/tamsanmotor.com\/#\/schema\/logo\/image\/\",\"url\":\"https:\/\/mlnbhdmb5shf.i.optimole.com\/w:auto\/h:auto\/q:mauto\/f:best\/https:\/\/tamsanmotor.com\/wp-content\/uploads\/2019\/11\/TAMSAN-logo.jpg\",\"contentUrl\":\"https:\/\/mlnbhdmb5shf.i.optimole.com\/w:auto\/h:auto\/q:mauto\/f:best\/https:\/\/tamsanmotor.com\/wp-content\/uploads\/2019\/11\/TAMSAN-logo.jpg\",\"width\":1388,\"height\":292,\"caption\":\"Tamsan Elektrik Motor San. ve Tic. Ltd. \u015eti.\"},\"image\":{\"@id\":\"https:\/\/tamsanmotor.com\/#\/schema\/logo\/image\/\"}}]}<\/script>\n<!-- \/ Yoast SEO plugin. -->","yoast_head_json":{"title":"\u00c7amur Pompas\u0131 - Tamsan Motor","robots":{"index":"index","follow":"follow","max-snippet":"max-snippet:-1","max-image-preview":"max-image-preview:large","max-video-preview":"max-video-preview:-1"},"canonical":"https:\/\/tamsanmotor.com\/index.php\/urunler\/pompalar\/dalgic-pompalar\/camur-pompasi-2\/","og_locale":"tr_TR","og_type":"article","og_title":"\u00c7amur Pompas\u0131 - Tamsan Motor","og_description":"1450 d\/d 5.5 ve 7.5 Hp 3\u201d \u00e7\u0131k\u0131\u015fl\u0131 max 18 m y\u00fcksekli\u011fe ve 1.2 kg\/cm ile 2.5 kg\/cm3 aras\u0131 yo\u011funlu\u011fa kadar olan s\u0131v\u0131lar\u0131n tahliyesi i\u00e7in son derece ideal pompalard\u0131r. Pompa \u015faft\u0131na monte edilen kar\u0131\u015ft\u0131r\u0131c\u0131 sayesinde s\u0131v\u0131 yo\u011funlu\u011funu azaltarak tahliye edilmesine olanak sa\u011flayan sistem sayesinde, in\u015faat, birikinti su tahliyesinde, yo\u011fun olan fosseptiklerde, t\u00fcnel \u00e7al\u0131\u015fmalar\u0131nda, baraj \u00e7al\u0131\u015fmalar\u0131nda, [&hellip;]","og_url":"https:\/\/tamsanmotor.com\/index.php\/urunler\/pompalar\/dalgic-pompalar\/camur-pompasi-2\/","og_site_name":"Tamsan Motor","article_modified_time":"2019-03-16T22:24:23+00:00","og_image":[{"url":"https:\/\/mlnbhdmb5shf.i.optimole.com\/w:auto\/h:auto\/q:mauto\/f:best\/http:\/\/tamsanmotor.com\/wp-content\/uploads\/2019\/03\/camur-pompasi.jpg","type":"","width":"","height":""}],"twitter_card":"summary_large_image","twitter_misc":{"Tahmini okuma s\u00fcresi":"1 dakika"},"schema":{"@context":"https:\/\/schema.org","@graph":[{"@type":"WebPage","@id":"https:\/\/tamsanmotor.com\/index.php\/urunler\/pompalar\/dalgic-pompalar\/camur-pompasi-2\/","url":"https:\/\/tamsanmotor.com\/index.php\/urunler\/pompalar\/dalgic-pompalar\/camur-pompasi-2\/","name":"\u00c7amur Pompas\u0131 - Tamsan Motor","isPartOf":{"@id":"https:\/\/tamsanmotor.com\/#website"},"primaryImageOfPage":{"@id":"https:\/\/tamsanmotor.com\/index.php\/urunler\/pompalar\/dalgic-pompalar\/camur-pompasi-2\/#primaryimage"},"image":{"@id":"https:\/\/tamsanmotor.com\/index.php\/urunler\/pompalar\/dalgic-pompalar\/camur-pompasi-2\/#primaryimage"},"thumbnailUrl":"https:\/\/mlnbhdmb5shf.i.optimole.com\/w:auto\/h:auto\/q:mauto\/f:best\/http:\/\/tamsanmotor.com\/wp-content\/uploads\/2019\/03\/camur-pompasi.jpg","datePublished":"2019-03-16T20:37:08+00:00","dateModified":"2019-03-16T22:24:23+00:00","breadcrumb":{"@id":"https:\/\/tamsanmotor.com\/index.php\/urunler\/pompalar\/dalgic-pompalar\/camur-pompasi-2\/#breadcrumb"},"inLanguage":"tr","potentialAction":[{"@type":"ReadAction","target":["https:\/\/tamsanmotor.com\/index.php\/urunler\/pompalar\/dalgic-pompalar\/camur-pompasi-2\/"]}]},{"@type":"ImageObject","inLanguage":"tr","@id":"https:\/\/tamsanmotor.com\/index.php\/urunler\/pompalar\/dalgic-pompalar\/camur-pompasi-2\/#primaryimage","url":"https:\/\/mlnbhdmb5shf.i.optimole.com\/w:auto\/h:auto\/q:mauto\/f:best\/https:\/\/tamsanmotor.com\/wp-content\/uploads\/2019\/03\/camur-pompasi.jpg","contentUrl":"https:\/\/mlnbhdmb5shf.i.optimole.com\/w:auto\/h:auto\/q:mauto\/f:best\/https:\/\/tamsanmotor.com\/wp-content\/uploads\/2019\/03\/camur-pompasi.jpg","width":740,"height":876},{"@type":"BreadcrumbList","@id":"https:\/\/tamsanmotor.com\/index.php\/urunler\/pompalar\/dalgic-pompalar\/camur-pompasi-2\/#breadcrumb","itemListElement":[{"@type":"ListItem","position":1,"name":"Ana sayfa","item":"https:\/\/tamsanmotor.com\/"},{"@type":"ListItem","position":2,"name":"\u00dcr\u00fcnler","item":"https:\/\/tamsanmotor.com\/index.php\/urunler\/"},{"@type":"ListItem","position":3,"name":"Pompalar","item":"https:\/\/tamsanmotor.com\/index.php\/urunler\/pompalar\/"},{"@type":"ListItem","position":4,"name":"Dalg\u0131\u00e7 Pompalar","item":"https:\/\/tamsanmotor.com\/index.php\/urunler\/pompalar\/dalgic-pompalar\/"},{"@type":"ListItem","position":5,"name":"\u00c7amur Pompas\u0131"}]},{"@type":"WebSite","@id":"https:\/\/tamsanmotor.com\/#website","url":"https:\/\/tamsanmotor.com\/","name":"Tamsan Elektrik Motor","description":"","publisher":{"@id":"https:\/\/tamsanmotor.com\/#organization"},"potentialAction":[{"@type":"SearchAction","target":{"@type":"EntryPoint","urlTemplate":"https:\/\/tamsanmotor.com\/?s={search_term_string}"},"query-input":{"@type":"PropertyValueSpecification","valueRequired":true,"valueName":"search_term_string"}}],"inLanguage":"tr"},{"@type":"Organization","@id":"https:\/\/tamsanmotor.com\/#organization","name":"Tamsan Elektrik Motor San. ve Tic. Ltd. \u015eti.","url":"https:\/\/tamsanmotor.com\/","logo":{"@type":"ImageObject","inLanguage":"tr","@id":"https:\/\/tamsanmotor.com\/#\/schema\/logo\/image\/","url":"https:\/\/mlnbhdmb5shf.i.optimole.com\/w:auto\/h:auto\/q:mauto\/f:best\/https:\/\/tamsanmotor.com\/wp-content\/uploads\/2019\/11\/TAMSAN-logo.jpg","contentUrl":"https:\/\/mlnbhdmb5shf.i.optimole.com\/w:auto\/h:auto\/q:mauto\/f:best\/https:\/\/tamsanmotor.com\/wp-content\/uploads\/2019\/11\/TAMSAN-logo.jpg","width":1388,"height":292,"caption":"Tamsan Elektrik Motor San. ve Tic. Ltd. \u015eti."},"image":{"@id":"https:\/\/tamsanmotor.com\/#\/schema\/logo\/image\/"}}]}},"_links":{"self":[{"href":"https:\/\/tamsanmotor.com\/index.php\/wp-json\/wp\/v2\/pages\/1277","targetHints":{"allow":["GET"]}}],"collection":[{"href":"https:\/\/tamsanmotor.com\/index.php\/wp-json\/wp\/v2\/pages"}],"about":[{"href":"https:\/\/tamsanmotor.com\/index.php\/wp-json\/wp\/v2\/types\/page"}],"author":[{"embeddable":true,"href":"https:\/\/tamsanmotor.com\/index.php\/wp-json\/wp\/v2\/users\/1"}],"replies":[{"embeddable":true,"href":"https:\/\/tamsanmotor.com\/index.php\/wp-json\/wp\/v2\/comments?post=1277"}],"version-history":[{"count":0,"href":"https:\/\/tamsanmotor.com\/index.php\/wp-json\/wp\/v2\/pages\/1277\/revisions"}],"up":[{"embeddable":true,"href":"https:\/\/tamsanmotor.com\/index.php\/wp-json\/wp\/v2\/pages\/792"}],"wp:attachment":[{"href":"https:\/\/tamsanmotor.com\/index.php\/wp-json\/wp\/v2\/media?parent=1277"}],"wp:term":[{"taxonomy":"wf_page_folders","embeddable":true,"href":"https:\/\/tamsanmotor.com\/index.php\/wp-json\/wp\/v2\/wf_page_folders?post=1277"}],"curies":[{"name":"wp","href":"https:\/\/api.w.org\/{rel}","templated":true}]}}