{"id":1690,"date":"2019-03-19T17:56:13","date_gmt":"2019-03-19T14:56:13","guid":{"rendered":"http:\/\/tamsanmotor.com\/?page_id=1690"},"modified":"2019-03-19T18:39:49","modified_gmt":"2019-03-19T15:39:49","slug":"12v-400wtek-milli-ozel-motorneodyum-miknatisli-800d-d-ccw","status":"publish","type":"page","link":"https:\/\/tamsanmotor.com\/index.php\/urunler\/elektrikmotorlari\/d-c-motorlar\/12-volt-ozel-motorlar\/12v-400wtek-milli-ozel-motorneodyum-miknatisli-800d-d-ccw\/","title":{"rendered":"12V 400W,Tek Milli \u00d6zel Motor,Neodyum M\u0131knat\u0131sl\u0131, 800d\/d CCW"},"content":{"rendered":"\t\t<div data-elementor-type=\"wp-post\" data-elementor-id=\"1690\" class=\"elementor elementor-1690\">\n\t\t\t\t\t\t<section class=\"elementor-section elementor-top-section elementor-element elementor-element-2a54afd elementor-section-boxed elementor-section-height-default elementor-section-height-default\" data-id=\"2a54afd\" data-element_type=\"section\">\n\t\t\t\t\t\t<div class=\"elementor-container elementor-column-gap-default\">\n\t\t\t\t\t<div class=\"elementor-column elementor-col-50 elementor-top-column elementor-element elementor-element-9f3cc11\" data-id=\"9f3cc11\" data-element_type=\"column\">\n\t\t\t<div class=\"elementor-widget-wrap elementor-element-populated\">\n\t\t\t\t\t\t<div class=\"elementor-element elementor-element-d995f53 elementor-widget elementor-widget-image\" data-id=\"d995f53\" data-element_type=\"widget\" data-widget_type=\"image.default\">\n\t\t\t\t\t\t\t\t\t\t\t\t\t\t\t<img data-opt-id=17783883  fetchpriority=\"high\" decoding=\"async\" width=\"746\" height=\"690\" src=\"https:\/\/mlnbhdmb5shf.i.optimole.com\/w:746\/h:690\/q:mauto\/f:best\/https:\/\/tamsanmotor.com\/wp-content\/uploads\/2019\/03\/12V-400WTek-Milli-Özel-MotorNeodyum-Mıknatıslı-800dd.jpg\" class=\"attachment-large size-large wp-image-1707\" alt=\"\" srcset=\"https:\/\/mlnbhdmb5shf.i.optimole.com\/w:746\/h:690\/q:mauto\/f:best\/https:\/\/tamsanmotor.com\/wp-content\/uploads\/2019\/03\/12V-400WTek-Milli-Özel-MotorNeodyum-Mıknatıslı-800dd.jpg 746w, https:\/\/mlnbhdmb5shf.i.optimole.com\/w:300\/h:277\/q:mauto\/f:best\/https:\/\/tamsanmotor.com\/wp-content\/uploads\/2019\/03\/12V-400WTek-Milli-\u00d6zel-MotorNeodyum-M\u0131knat\u0131sl\u0131-800dd.jpg 300w\" sizes=\"(max-width: 746px) 100vw, 746px\" \/>\t\t\t\t\t\t\t\t\t\t\t\t\t\t\t<\/div>\n\t\t\t\t\t<\/div>\n\t\t<\/div>\n\t\t\t\t<div class=\"elementor-column elementor-col-50 elementor-top-column elementor-element elementor-element-5109c75\" data-id=\"5109c75\" data-element_type=\"column\">\n\t\t\t<div class=\"elementor-widget-wrap elementor-element-populated\">\n\t\t\t\t\t\t<div class=\"elementor-element elementor-element-5faf737 elementor-widget elementor-widget-image\" data-id=\"5faf737\" data-element_type=\"widget\" data-widget_type=\"image.default\">\n\t\t\t\t\t\t\t\t\t\t\t\t\t\t\t\t<a href=\"https:\/\/mlnbhdmb5shf.i.optimole.com\/w:auto\/h:auto\/q:mauto\/f:best\/http:\/\/tamsanmotor.com\/wp-content\/uploads\/2019\/03\/12V-400WTek-Milli-\u00d6zel-MotorNeodyum-M\u0131knat\u0131sl\u0131-800dd_2.jpg\" data-elementor-open-lightbox=\"yes\" data-elementor-lightbox-title=\"12V 400W,Tek Milli \u00d6zel Motor,Neodyum M\u0131knat\u0131sl\u0131, 800dd_2\" data-e-action-hash=\"#elementor-action%3Aaction%3Dlightbox%26settings%3DeyJpZCI6MTc0NCwidXJsIjoiaHR0cHM6XC9cL3RhbXNhbm1vdG9yLmNvbVwvd3AtY29udGVudFwvdXBsb2Fkc1wvMjAxOVwvMDNcLzEyVi00MDBXVGVrLU1pbGxpLVx1MDBkNnplbC1Nb3Rvck5lb2R5dW0tTVx1MDEzMWtuYXRcdTAxMzFzbFx1MDEzMS04MDBkZF8yLmpwZyJ9\">\n\t\t\t\t\t\t\t<img data-opt-id=1916867333  fetchpriority=\"high\" decoding=\"async\" width=\"810\" height=\"420\" src=\"https:\/\/mlnbhdmb5shf.i.optimole.com\/w:810\/h:420\/q:mauto\/f:best\/https:\/\/tamsanmotor.com\/wp-content\/uploads\/2019\/03\/12V-400WTek-Milli-Özel-MotorNeodyum-Mıknatıslı-800dd_2.jpg\" class=\"attachment-large size-large wp-image-1744\" alt=\"\" srcset=\"https:\/\/mlnbhdmb5shf.i.optimole.com\/w:1332\/h:690\/q:mauto\/f:best\/https:\/\/tamsanmotor.com\/wp-content\/uploads\/2019\/03\/12V-400WTek-Milli-\u00d6zel-MotorNeodyum-M\u0131knat\u0131sl\u0131-800dd_2.jpg 1332w, https:\/\/mlnbhdmb5shf.i.optimole.com\/w:300\/h:155\/q:mauto\/f:best\/https:\/\/tamsanmotor.com\/wp-content\/uploads\/2019\/03\/12V-400WTek-Milli-\u00d6zel-MotorNeodyum-M\u0131knat\u0131sl\u0131-800dd_2.jpg 300w, https:\/\/mlnbhdmb5shf.i.optimole.com\/w:768\/h:398\/q:mauto\/f:best\/https:\/\/tamsanmotor.com\/wp-content\/uploads\/2019\/03\/12V-400WTek-Milli-\u00d6zel-MotorNeodyum-M\u0131knat\u0131sl\u0131-800dd_2.jpg 768w, https:\/\/mlnbhdmb5shf.i.optimole.com\/w:1024\/h:530\/q:mauto\/f:best\/https:\/\/tamsanmotor.com\/wp-content\/uploads\/2019\/03\/12V-400WTek-Milli-\u00d6zel-MotorNeodyum-M\u0131knat\u0131sl\u0131-800dd_2.jpg 1024w\" sizes=\"(max-width: 810px) 100vw, 810px\" \/>\t\t\t\t\t\t\t\t<\/a>\n\t\t\t\t\t\t\t\t\t\t\t\t\t\t\t<\/div>\n\t\t\t\t\t<\/div>\n\t\t<\/div>\n\t\t\t\t\t<\/div>\n\t\t<\/section>\n\t\t\t\t<section class=\"elementor-section elementor-top-section elementor-element elementor-element-ea7114a elementor-section-boxed elementor-section-height-default elementor-section-height-default\" data-id=\"ea7114a\" data-element_type=\"section\">\n\t\t\t\t\t\t<div class=\"elementor-container elementor-column-gap-default\">\n\t\t\t\t\t<div class=\"elementor-column elementor-col-33 elementor-top-column elementor-element elementor-element-0576cb6\" data-id=\"0576cb6\" data-element_type=\"column\">\n\t\t\t<div class=\"elementor-widget-wrap elementor-element-populated\">\n\t\t\t\t\t\t<div class=\"elementor-element elementor-element-263b9a4 elementor-widget elementor-widget-image\" data-id=\"263b9a4\" data-element_type=\"widget\" data-widget_type=\"image.default\">\n\t\t\t\t\t\t\t\t\t\t\t\t\t\t\t\t<a href=\"https:\/\/mlnbhdmb5shf.i.optimole.com\/w:auto\/h:auto\/q:mauto\/f:best\/http:\/\/tamsanmotor.com\/wp-content\/uploads\/2019\/03\/12V-400WTek-Milli-\u00d6zel-MotorNeodyum-M\u0131knat\u0131sl\u0131-800dd_3.jpg\" data-elementor-open-lightbox=\"yes\" data-elementor-lightbox-title=\"12V 400W,Tek Milli \u00d6zel Motor,Neodyum M\u0131knat\u0131sl\u0131, 800dd_3\" data-e-action-hash=\"#elementor-action%3Aaction%3Dlightbox%26settings%3DeyJpZCI6MTc0NSwidXJsIjoiaHR0cHM6XC9cL3RhbXNhbm1vdG9yLmNvbVwvd3AtY29udGVudFwvdXBsb2Fkc1wvMjAxOVwvMDNcLzEyVi00MDBXVGVrLU1pbGxpLVx1MDBkNnplbC1Nb3Rvck5lb2R5dW0tTVx1MDEzMWtuYXRcdTAxMzFzbFx1MDEzMS04MDBkZF8zLmpwZyJ9\">\n\t\t\t\t\t\t\t<img data-opt-id=827074724  fetchpriority=\"high\" decoding=\"async\" width=\"728\" height=\"619\" src=\"https:\/\/mlnbhdmb5shf.i.optimole.com\/w:728\/h:619\/q:mauto\/f:best\/https:\/\/tamsanmotor.com\/wp-content\/uploads\/2019\/03\/12V-400WTek-Milli-Özel-MotorNeodyum-Mıknatıslı-800dd_3.jpg\" class=\"attachment-large size-large wp-image-1745\" alt=\"\" srcset=\"https:\/\/mlnbhdmb5shf.i.optimole.com\/w:728\/h:619\/q:mauto\/f:best\/https:\/\/tamsanmotor.com\/wp-content\/uploads\/2019\/03\/12V-400WTek-Milli-Özel-MotorNeodyum-Mıknatıslı-800dd_3.jpg 728w, https:\/\/mlnbhdmb5shf.i.optimole.com\/w:300\/h:255\/q:mauto\/f:best\/https:\/\/tamsanmotor.com\/wp-content\/uploads\/2019\/03\/12V-400WTek-Milli-\u00d6zel-MotorNeodyum-M\u0131knat\u0131sl\u0131-800dd_3.jpg 300w\" sizes=\"(max-width: 728px) 100vw, 728px\" \/>\t\t\t\t\t\t\t\t<\/a>\n\t\t\t\t\t\t\t\t\t\t\t\t\t\t\t<\/div>\n\t\t\t\t\t<\/div>\n\t\t<\/div>\n\t\t\t\t<div class=\"elementor-column elementor-col-33 elementor-top-column elementor-element elementor-element-0dca972\" data-id=\"0dca972\" data-element_type=\"column\">\n\t\t\t<div class=\"elementor-widget-wrap elementor-element-populated\">\n\t\t\t\t\t\t<div class=\"elementor-element elementor-element-0b05932 elementor-widget elementor-widget-image\" data-id=\"0b05932\" data-element_type=\"widget\" data-widget_type=\"image.default\">\n\t\t\t\t\t\t\t\t\t\t\t\t\t\t\t\t<a href=\"https:\/\/mlnbhdmb5shf.i.optimole.com\/w:auto\/h:auto\/q:mauto\/f:best\/http:\/\/tamsanmotor.com\/wp-content\/uploads\/2019\/03\/12V-400WTek-Milli-\u00d6zel-MotorNeodyum-M\u0131knat\u0131sl\u0131-800dd_4.jpg\" data-elementor-open-lightbox=\"yes\" data-elementor-lightbox-title=\"12V 400W,Tek Milli \u00d6zel Motor,Neodyum M\u0131knat\u0131sl\u0131, 800dd_4\" data-e-action-hash=\"#elementor-action%3Aaction%3Dlightbox%26settings%3DeyJpZCI6MTc0NiwidXJsIjoiaHR0cHM6XC9cL3RhbXNhbm1vdG9yLmNvbVwvd3AtY29udGVudFwvdXBsb2Fkc1wvMjAxOVwvMDNcLzEyVi00MDBXVGVrLU1pbGxpLVx1MDBkNnplbC1Nb3Rvck5lb2R5dW0tTVx1MDEzMWtuYXRcdTAxMzFzbFx1MDEzMS04MDBkZF80LmpwZyJ9\">\n\t\t\t\t\t\t\t<img data-opt-id=540479462  data-opt-src=\"https:\/\/mlnbhdmb5shf.i.optimole.com\/w:728\/h:501\/q:mauto\/f:best\/https:\/\/tamsanmotor.com\/wp-content\/uploads\/2019\/03\/12V-400WTek-Milli-Özel-MotorNeodyum-Mıknatıslı-800dd_4.jpg\"  loading=\"lazy\" decoding=\"async\" width=\"728\" height=\"501\" src=\"data:image/svg+xml,%3Csvg%20viewBox%3D%220%200%20728%20501%22%20width%3D%22728%22%20height%3D%22501%22%20xmlns%3D%22http%3A%2F%2Fwww.w3.org%2F2000%2Fsvg%22%3E%3Crect%20width%3D%22728%22%20height%3D%22501%22%20fill%3D%22transparent%22%2F%3E%3C%2Fsvg%3E\" class=\"attachment-large size-large wp-image-1746\" alt=\"\" old-srcset=\"https:\/\/mlnbhdmb5shf.i.optimole.com\/w:728\/h:501\/q:mauto\/f:best\/https:\/\/tamsanmotor.com\/wp-content\/uploads\/2019\/03\/12V-400WTek-Milli-\u00d6zel-MotorNeodyum-M\u0131knat\u0131sl\u0131-800dd_4.jpg 728w, https:\/\/mlnbhdmb5shf.i.optimole.com\/w:300\/h:206\/q:mauto\/f:best\/https:\/\/tamsanmotor.com\/wp-content\/uploads\/2019\/03\/12V-400WTek-Milli-\u00d6zel-MotorNeodyum-M\u0131knat\u0131sl\u0131-800dd_4.jpg 300w\" \/><noscript><img data-opt-id=540479462  loading=\"lazy\" decoding=\"async\" width=\"728\" height=\"501\" src=\"https:\/\/mlnbhdmb5shf.i.optimole.com\/w:728\/h:501\/q:mauto\/f:best\/https:\/\/tamsanmotor.com\/wp-content\/uploads\/2019\/03\/12V-400WTek-Milli-Özel-MotorNeodyum-Mıknatıslı-800dd_4.jpg\" class=\"attachment-large size-large wp-image-1746\" alt=\"\" srcset=\"https:\/\/mlnbhdmb5shf.i.optimole.com\/w:728\/h:501\/q:mauto\/f:best\/https:\/\/tamsanmotor.com\/wp-content\/uploads\/2019\/03\/12V-400WTek-Milli-Özel-MotorNeodyum-Mıknatıslı-800dd_4.jpg 728w, https:\/\/mlnbhdmb5shf.i.optimole.com\/w:300\/h:206\/q:mauto\/f:best\/https:\/\/tamsanmotor.com\/wp-content\/uploads\/2019\/03\/12V-400WTek-Milli-\u00d6zel-MotorNeodyum-M\u0131knat\u0131sl\u0131-800dd_4.jpg 300w\" sizes=\"(max-width: 728px) 100vw, 728px\" \/></noscript>\t\t\t\t\t\t\t\t<\/a>\n\t\t\t\t\t\t\t\t\t\t\t\t\t\t\t<\/div>\n\t\t\t\t\t<\/div>\n\t\t<\/div>\n\t\t\t\t<div class=\"elementor-column elementor-col-33 elementor-top-column elementor-element elementor-element-748d92b\" data-id=\"748d92b\" data-element_type=\"column\">\n\t\t\t<div class=\"elementor-widget-wrap elementor-element-populated\">\n\t\t\t\t\t\t<div class=\"elementor-element elementor-element-cc5f603 elementor-widget elementor-widget-image\" data-id=\"cc5f603\" data-element_type=\"widget\" data-widget_type=\"image.default\">\n\t\t\t\t\t\t\t\t\t\t\t\t\t\t\t\t<a href=\"https:\/\/mlnbhdmb5shf.i.optimole.com\/w:auto\/h:auto\/q:mauto\/f:best\/http:\/\/tamsanmotor.com\/wp-content\/uploads\/2019\/03\/5-16.jpg\" data-elementor-open-lightbox=\"yes\" data-elementor-lightbox-title=\"5-16\" data-e-action-hash=\"#elementor-action%3Aaction%3Dlightbox%26settings%3DeyJpZCI6MTc0MywidXJsIjoiaHR0cHM6XC9cL3RhbXNhbm1vdG9yLmNvbVwvd3AtY29udGVudFwvdXBsb2Fkc1wvMjAxOVwvMDNcLzUtMTYuanBnIn0%3D\">\n\t\t\t\t\t\t\t<img data-opt-id=237500809  data-opt-src=\"https:\/\/mlnbhdmb5shf.i.optimole.com\/w:728\/h:501\/q:mauto\/f:best\/https:\/\/tamsanmotor.com\/wp-content\/uploads\/2019\/03\/5-16.jpg\"  loading=\"lazy\" decoding=\"async\" width=\"728\" height=\"501\" src=\"data:image/svg+xml,%3Csvg%20viewBox%3D%220%200%20728%20501%22%20width%3D%22728%22%20height%3D%22501%22%20xmlns%3D%22http%3A%2F%2Fwww.w3.org%2F2000%2Fsvg%22%3E%3Crect%20width%3D%22728%22%20height%3D%22501%22%20fill%3D%22transparent%22%2F%3E%3C%2Fsvg%3E\" class=\"attachment-large size-large wp-image-1743\" alt=\"\" old-srcset=\"https:\/\/mlnbhdmb5shf.i.optimole.com\/w:728\/h:501\/q:mauto\/f:best\/https:\/\/tamsanmotor.com\/wp-content\/uploads\/2019\/03\/5-16.jpg 728w, https:\/\/mlnbhdmb5shf.i.optimole.com\/w:300\/h:206\/q:mauto\/f:best\/https:\/\/tamsanmotor.com\/wp-content\/uploads\/2019\/03\/5-16.jpg 300w\" \/><noscript><img data-opt-id=237500809  loading=\"lazy\" decoding=\"async\" width=\"728\" height=\"501\" src=\"https:\/\/mlnbhdmb5shf.i.optimole.com\/w:728\/h:501\/q:mauto\/f:best\/https:\/\/tamsanmotor.com\/wp-content\/uploads\/2019\/03\/5-16.jpg\" class=\"attachment-large size-large wp-image-1743\" alt=\"\" srcset=\"https:\/\/mlnbhdmb5shf.i.optimole.com\/w:728\/h:501\/q:mauto\/f:best\/https:\/\/tamsanmotor.com\/wp-content\/uploads\/2019\/03\/5-16.jpg 728w, https:\/\/mlnbhdmb5shf.i.optimole.com\/w:300\/h:206\/q:mauto\/f:best\/https:\/\/tamsanmotor.com\/wp-content\/uploads\/2019\/03\/5-16.jpg 300w\" sizes=\"(max-width: 728px) 100vw, 728px\" \/></noscript>\t\t\t\t\t\t\t\t<\/a>\n\t\t\t\t\t\t\t\t\t\t\t\t\t\t\t<\/div>\n\t\t\t\t\t<\/div>\n\t\t<\/div>\n\t\t\t\t\t<\/div>\n\t\t<\/section>\n\t\t\t\t<\/div>\n\t\t","protected":false},"excerpt":{"rendered":"","protected":false},"author":1,"featured_media":0,"parent":1672,"menu_order":0,"comment_status":"closed","ping_status":"closed","template":"","meta":{"footnotes":""},"wf_page_folders":[],"class_list":["post-1690","page","type-page","status-publish","hentry"],"yoast_head":"<!-- This site is optimized with the Yoast SEO plugin v24.8.1 - https:\/\/yoast.com\/wordpress\/plugins\/seo\/ -->\n<title>12V 400W,Tek Milli \u00d6zel Motor,Neodyum M\u0131knat\u0131sl\u0131, 800d\/d CCW - Tamsan Motor<\/title>\n<meta name=\"robots\" content=\"index, follow, max-snippet:-1, max-image-preview:large, max-video-preview:-1\" \/>\n<link rel=\"canonical\" href=\"https:\/\/tamsanmotor.com\/index.php\/urunler\/elektrikmotorlari\/d-c-motorlar\/12-volt-ozel-motorlar\/12v-400wtek-milli-ozel-motorneodyum-miknatisli-800d-d-ccw\/\" \/>\n<meta property=\"og:locale\" content=\"tr_TR\" \/>\n<meta property=\"og:type\" content=\"article\" \/>\n<meta property=\"og:title\" content=\"12V 400W,Tek Milli \u00d6zel Motor,Neodyum M\u0131knat\u0131sl\u0131, 800d\/d CCW - Tamsan Motor\" \/>\n<meta property=\"og:url\" content=\"https:\/\/tamsanmotor.com\/index.php\/urunler\/elektrikmotorlari\/d-c-motorlar\/12-volt-ozel-motorlar\/12v-400wtek-milli-ozel-motorneodyum-miknatisli-800d-d-ccw\/\" \/>\n<meta property=\"og:site_name\" content=\"Tamsan Motor\" \/>\n<meta property=\"article:modified_time\" content=\"2019-03-19T15:39:49+00:00\" \/>\n<meta property=\"og:image\" content=\"https:\/\/mlnbhdmb5shf.i.optimole.com\/w:auto\/h:auto\/q:mauto\/f:best\/http:\/\/tamsanmotor.com\/wp-content\/uploads\/2019\/03\/5-16.jpg\" \/>\n<meta name=\"twitter:card\" content=\"summary_large_image\" \/>\n<script type=\"application\/ld+json\" class=\"yoast-schema-graph\">{\"@context\":\"https:\/\/schema.org\",\"@graph\":[{\"@type\":\"WebPage\",\"@id\":\"https:\/\/tamsanmotor.com\/index.php\/urunler\/elektrikmotorlari\/d-c-motorlar\/12-volt-ozel-motorlar\/12v-400wtek-milli-ozel-motorneodyum-miknatisli-800d-d-ccw\/\",\"url\":\"https:\/\/tamsanmotor.com\/index.php\/urunler\/elektrikmotorlari\/d-c-motorlar\/12-volt-ozel-motorlar\/12v-400wtek-milli-ozel-motorneodyum-miknatisli-800d-d-ccw\/\",\"name\":\"12V 400W,Tek Milli \u00d6zel Motor,Neodyum M\u0131knat\u0131sl\u0131, 800d\/d CCW - Tamsan Motor\",\"isPartOf\":{\"@id\":\"https:\/\/tamsanmotor.com\/#website\"},\"primaryImageOfPage\":{\"@id\":\"https:\/\/tamsanmotor.com\/index.php\/urunler\/elektrikmotorlari\/d-c-motorlar\/12-volt-ozel-motorlar\/12v-400wtek-milli-ozel-motorneodyum-miknatisli-800d-d-ccw\/#primaryimage\"},\"image\":{\"@id\":\"https:\/\/tamsanmotor.com\/index.php\/urunler\/elektrikmotorlari\/d-c-motorlar\/12-volt-ozel-motorlar\/12v-400wtek-milli-ozel-motorneodyum-miknatisli-800d-d-ccw\/#primaryimage\"},\"thumbnailUrl\":\"https:\/\/mlnbhdmb5shf.i.optimole.com\/w:auto\/h:auto\/q:mauto\/f:best\/http:\/\/tamsanmotor.com\/wp-content\/uploads\/2019\/03\/5-16.jpg\",\"datePublished\":\"2019-03-19T14:56:13+00:00\",\"dateModified\":\"2019-03-19T15:39:49+00:00\",\"breadcrumb\":{\"@id\":\"https:\/\/tamsanmotor.com\/index.php\/urunler\/elektrikmotorlari\/d-c-motorlar\/12-volt-ozel-motorlar\/12v-400wtek-milli-ozel-motorneodyum-miknatisli-800d-d-ccw\/#breadcrumb\"},\"inLanguage\":\"tr\",\"potentialAction\":[{\"@type\":\"ReadAction\",\"target\":[\"https:\/\/tamsanmotor.com\/index.php\/urunler\/elektrikmotorlari\/d-c-motorlar\/12-volt-ozel-motorlar\/12v-400wtek-milli-ozel-motorneodyum-miknatisli-800d-d-ccw\/\"]}]},{\"@type\":\"ImageObject\",\"inLanguage\":\"tr\",\"@id\":\"https:\/\/tamsanmotor.com\/index.php\/urunler\/elektrikmotorlari\/d-c-motorlar\/12-volt-ozel-motorlar\/12v-400wtek-milli-ozel-motorneodyum-miknatisli-800d-d-ccw\/#primaryimage\",\"url\":\"https:\/\/mlnbhdmb5shf.i.optimole.com\/w:auto\/h:auto\/q:mauto\/f:best\/https:\/\/tamsanmotor.com\/wp-content\/uploads\/2019\/03\/5-16.jpg\",\"contentUrl\":\"https:\/\/mlnbhdmb5shf.i.optimole.com\/w:auto\/h:auto\/q:mauto\/f:best\/https:\/\/tamsanmotor.com\/wp-content\/uploads\/2019\/03\/5-16.jpg\",\"width\":728,\"height\":501},{\"@type\":\"BreadcrumbList\",\"@id\":\"https:\/\/tamsanmotor.com\/index.php\/urunler\/elektrikmotorlari\/d-c-motorlar\/12-volt-ozel-motorlar\/12v-400wtek-milli-ozel-motorneodyum-miknatisli-800d-d-ccw\/#breadcrumb\",\"itemListElement\":[{\"@type\":\"ListItem\",\"position\":1,\"name\":\"Ana sayfa\",\"item\":\"https:\/\/tamsanmotor.com\/\"},{\"@type\":\"ListItem\",\"position\":2,\"name\":\"\u00dcr\u00fcnler\",\"item\":\"https:\/\/tamsanmotor.com\/index.php\/urunler\/\"},{\"@type\":\"ListItem\",\"position\":3,\"name\":\"Elektrik Motorlar\u0131\",\"item\":\"https:\/\/tamsanmotor.com\/index.php\/urunler\/elektrikmotorlari\/\"},{\"@type\":\"ListItem\",\"position\":4,\"name\":\"D.c Motorlar\",\"item\":\"https:\/\/tamsanmotor.com\/index.php\/urunler\/elektrikmotorlari\/d-c-motorlar\/\"},{\"@type\":\"ListItem\",\"position\":5,\"name\":\"12V \u00d6zel Motorlar\",\"item\":\"https:\/\/tamsanmotor.com\/index.php\/urunler\/elektrikmotorlari\/d-c-motorlar\/12-volt-ozel-motorlar\/\"},{\"@type\":\"ListItem\",\"position\":6,\"name\":\"12V 400W,Tek Milli \u00d6zel Motor,Neodyum M\u0131knat\u0131sl\u0131, 800d\/d CCW\"}]},{\"@type\":\"WebSite\",\"@id\":\"https:\/\/tamsanmotor.com\/#website\",\"url\":\"https:\/\/tamsanmotor.com\/\",\"name\":\"Tamsan Elektrik Motor\",\"description\":\"\",\"publisher\":{\"@id\":\"https:\/\/tamsanmotor.com\/#organization\"},\"potentialAction\":[{\"@type\":\"SearchAction\",\"target\":{\"@type\":\"EntryPoint\",\"urlTemplate\":\"https:\/\/tamsanmotor.com\/?s={search_term_string}\"},\"query-input\":{\"@type\":\"PropertyValueSpecification\",\"valueRequired\":true,\"valueName\":\"search_term_string\"}}],\"inLanguage\":\"tr\"},{\"@type\":\"Organization\",\"@id\":\"https:\/\/tamsanmotor.com\/#organization\",\"name\":\"Tamsan Elektrik Motor San. ve Tic. Ltd. \u015eti.\",\"url\":\"https:\/\/tamsanmotor.com\/\",\"logo\":{\"@type\":\"ImageObject\",\"inLanguage\":\"tr\",\"@id\":\"https:\/\/tamsanmotor.com\/#\/schema\/logo\/image\/\",\"url\":\"https:\/\/mlnbhdmb5shf.i.optimole.com\/w:auto\/h:auto\/q:mauto\/f:best\/https:\/\/tamsanmotor.com\/wp-content\/uploads\/2019\/11\/TAMSAN-logo.jpg\",\"contentUrl\":\"https:\/\/mlnbhdmb5shf.i.optimole.com\/w:auto\/h:auto\/q:mauto\/f:best\/https:\/\/tamsanmotor.com\/wp-content\/uploads\/2019\/11\/TAMSAN-logo.jpg\",\"width\":1388,\"height\":292,\"caption\":\"Tamsan Elektrik Motor San. ve Tic. Ltd. \u015eti.\"},\"image\":{\"@id\":\"https:\/\/tamsanmotor.com\/#\/schema\/logo\/image\/\"}}]}<\/script>\n<!-- \/ Yoast SEO plugin. -->","yoast_head_json":{"title":"12V 400W,Tek Milli \u00d6zel Motor,Neodyum M\u0131knat\u0131sl\u0131, 800d\/d CCW - Tamsan Motor","robots":{"index":"index","follow":"follow","max-snippet":"max-snippet:-1","max-image-preview":"max-image-preview:large","max-video-preview":"max-video-preview:-1"},"canonical":"https:\/\/tamsanmotor.com\/index.php\/urunler\/elektrikmotorlari\/d-c-motorlar\/12-volt-ozel-motorlar\/12v-400wtek-milli-ozel-motorneodyum-miknatisli-800d-d-ccw\/","og_locale":"tr_TR","og_type":"article","og_title":"12V 400W,Tek Milli \u00d6zel Motor,Neodyum M\u0131knat\u0131sl\u0131, 800d\/d CCW - Tamsan Motor","og_url":"https:\/\/tamsanmotor.com\/index.php\/urunler\/elektrikmotorlari\/d-c-motorlar\/12-volt-ozel-motorlar\/12v-400wtek-milli-ozel-motorneodyum-miknatisli-800d-d-ccw\/","og_site_name":"Tamsan Motor","article_modified_time":"2019-03-19T15:39:49+00:00","og_image":[{"url":"https:\/\/mlnbhdmb5shf.i.optimole.com\/w:auto\/h:auto\/q:mauto\/f:best\/http:\/\/tamsanmotor.com\/wp-content\/uploads\/2019\/03\/5-16.jpg","type":"","width":"","height":""}],"twitter_card":"summary_large_image","schema":{"@context":"https:\/\/schema.org","@graph":[{"@type":"WebPage","@id":"https:\/\/tamsanmotor.com\/index.php\/urunler\/elektrikmotorlari\/d-c-motorlar\/12-volt-ozel-motorlar\/12v-400wtek-milli-ozel-motorneodyum-miknatisli-800d-d-ccw\/","url":"https:\/\/tamsanmotor.com\/index.php\/urunler\/elektrikmotorlari\/d-c-motorlar\/12-volt-ozel-motorlar\/12v-400wtek-milli-ozel-motorneodyum-miknatisli-800d-d-ccw\/","name":"12V 400W,Tek Milli \u00d6zel Motor,Neodyum M\u0131knat\u0131sl\u0131, 800d\/d CCW - Tamsan Motor","isPartOf":{"@id":"https:\/\/tamsanmotor.com\/#website"},"primaryImageOfPage":{"@id":"https:\/\/tamsanmotor.com\/index.php\/urunler\/elektrikmotorlari\/d-c-motorlar\/12-volt-ozel-motorlar\/12v-400wtek-milli-ozel-motorneodyum-miknatisli-800d-d-ccw\/#primaryimage"},"image":{"@id":"https:\/\/tamsanmotor.com\/index.php\/urunler\/elektrikmotorlari\/d-c-motorlar\/12-volt-ozel-motorlar\/12v-400wtek-milli-ozel-motorneodyum-miknatisli-800d-d-ccw\/#primaryimage"},"thumbnailUrl":"https:\/\/mlnbhdmb5shf.i.optimole.com\/w:auto\/h:auto\/q:mauto\/f:best\/http:\/\/tamsanmotor.com\/wp-content\/uploads\/2019\/03\/5-16.jpg","datePublished":"2019-03-19T14:56:13+00:00","dateModified":"2019-03-19T15:39:49+00:00","breadcrumb":{"@id":"https:\/\/tamsanmotor.com\/index.php\/urunler\/elektrikmotorlari\/d-c-motorlar\/12-volt-ozel-motorlar\/12v-400wtek-milli-ozel-motorneodyum-miknatisli-800d-d-ccw\/#breadcrumb"},"inLanguage":"tr","potentialAction":[{"@type":"ReadAction","target":["https:\/\/tamsanmotor.com\/index.php\/urunler\/elektrikmotorlari\/d-c-motorlar\/12-volt-ozel-motorlar\/12v-400wtek-milli-ozel-motorneodyum-miknatisli-800d-d-ccw\/"]}]},{"@type":"ImageObject","inLanguage":"tr","@id":"https:\/\/tamsanmotor.com\/index.php\/urunler\/elektrikmotorlari\/d-c-motorlar\/12-volt-ozel-motorlar\/12v-400wtek-milli-ozel-motorneodyum-miknatisli-800d-d-ccw\/#primaryimage","url":"https:\/\/mlnbhdmb5shf.i.optimole.com\/w:auto\/h:auto\/q:mauto\/f:best\/https:\/\/tamsanmotor.com\/wp-content\/uploads\/2019\/03\/5-16.jpg","contentUrl":"https:\/\/mlnbhdmb5shf.i.optimole.com\/w:auto\/h:auto\/q:mauto\/f:best\/https:\/\/tamsanmotor.com\/wp-content\/uploads\/2019\/03\/5-16.jpg","width":728,"height":501},{"@type":"BreadcrumbList","@id":"https:\/\/tamsanmotor.com\/index.php\/urunler\/elektrikmotorlari\/d-c-motorlar\/12-volt-ozel-motorlar\/12v-400wtek-milli-ozel-motorneodyum-miknatisli-800d-d-ccw\/#breadcrumb","itemListElement":[{"@type":"ListItem","position":1,"name":"Ana sayfa","item":"https:\/\/tamsanmotor.com\/"},{"@type":"ListItem","position":2,"name":"\u00dcr\u00fcnler","item":"https:\/\/tamsanmotor.com\/index.php\/urunler\/"},{"@type":"ListItem","position":3,"name":"Elektrik Motorlar\u0131","item":"https:\/\/tamsanmotor.com\/index.php\/urunler\/elektrikmotorlari\/"},{"@type":"ListItem","position":4,"name":"D.c Motorlar","item":"https:\/\/tamsanmotor.com\/index.php\/urunler\/elektrikmotorlari\/d-c-motorlar\/"},{"@type":"ListItem","position":5,"name":"12V \u00d6zel Motorlar","item":"https:\/\/tamsanmotor.com\/index.php\/urunler\/elektrikmotorlari\/d-c-motorlar\/12-volt-ozel-motorlar\/"},{"@type":"ListItem","position":6,"name":"12V 400W,Tek Milli \u00d6zel Motor,Neodyum M\u0131knat\u0131sl\u0131, 800d\/d CCW"}]},{"@type":"WebSite","@id":"https:\/\/tamsanmotor.com\/#website","url":"https:\/\/tamsanmotor.com\/","name":"Tamsan Elektrik Motor","description":"","publisher":{"@id":"https:\/\/tamsanmotor.com\/#organization"},"potentialAction":[{"@type":"SearchAction","target":{"@type":"EntryPoint","urlTemplate":"https:\/\/tamsanmotor.com\/?s={search_term_string}"},"query-input":{"@type":"PropertyValueSpecification","valueRequired":true,"valueName":"search_term_string"}}],"inLanguage":"tr"},{"@type":"Organization","@id":"https:\/\/tamsanmotor.com\/#organization","name":"Tamsan Elektrik Motor San. ve Tic. Ltd. \u015eti.","url":"https:\/\/tamsanmotor.com\/","logo":{"@type":"ImageObject","inLanguage":"tr","@id":"https:\/\/tamsanmotor.com\/#\/schema\/logo\/image\/","url":"https:\/\/mlnbhdmb5shf.i.optimole.com\/w:auto\/h:auto\/q:mauto\/f:best\/https:\/\/tamsanmotor.com\/wp-content\/uploads\/2019\/11\/TAMSAN-logo.jpg","contentUrl":"https:\/\/mlnbhdmb5shf.i.optimole.com\/w:auto\/h:auto\/q:mauto\/f:best\/https:\/\/tamsanmotor.com\/wp-content\/uploads\/2019\/11\/TAMSAN-logo.jpg","width":1388,"height":292,"caption":"Tamsan Elektrik Motor San. ve Tic. Ltd. \u015eti."},"image":{"@id":"https:\/\/tamsanmotor.com\/#\/schema\/logo\/image\/"}}]}},"_links":{"self":[{"href":"https:\/\/tamsanmotor.com\/index.php\/wp-json\/wp\/v2\/pages\/1690","targetHints":{"allow":["GET"]}}],"collection":[{"href":"https:\/\/tamsanmotor.com\/index.php\/wp-json\/wp\/v2\/pages"}],"about":[{"href":"https:\/\/tamsanmotor.com\/index.php\/wp-json\/wp\/v2\/types\/page"}],"author":[{"embeddable":true,"href":"https:\/\/tamsanmotor.com\/index.php\/wp-json\/wp\/v2\/users\/1"}],"replies":[{"embeddable":true,"href":"https:\/\/tamsanmotor.com\/index.php\/wp-json\/wp\/v2\/comments?post=1690"}],"version-history":[{"count":0,"href":"https:\/\/tamsanmotor.com\/index.php\/wp-json\/wp\/v2\/pages\/1690\/revisions"}],"up":[{"embeddable":true,"href":"https:\/\/tamsanmotor.com\/index.php\/wp-json\/wp\/v2\/pages\/1672"}],"wp:attachment":[{"href":"https:\/\/tamsanmotor.com\/index.php\/wp-json\/wp\/v2\/media?parent=1690"}],"wp:term":[{"taxonomy":"wf_page_folders","embeddable":true,"href":"https:\/\/tamsanmotor.com\/index.php\/wp-json\/wp\/v2\/wf_page_folders?post=1690"}],"curies":[{"name":"wp","href":"https:\/\/api.w.org\/{rel}","templated":true}]}}