{"id":2161,"date":"2019-03-20T23:29:30","date_gmt":"2019-03-20T20:29:30","guid":{"rendered":"http:\/\/tamsanmotor.com\/?page_id=2161"},"modified":"2019-03-21T00:13:59","modified_gmt":"2019-03-20T21:13:59","slug":"gwm-serisi-otomatik-panjurlu-banyo-fanlari","status":"publish","type":"page","link":"https:\/\/tamsanmotor.com\/index.php\/urunler\/havalandirma-sistemleri\/plastik-banyo-ve-baca-aspiratorleri\/gwm-serisi-otomatik-panjurlu-banyo-fanlari\/","title":{"rendered":"Gwm Serisi Otomatik Panjurlu Banyo Fanlar\u0131"},"content":{"rendered":"\t\t<div data-elementor-type=\"wp-post\" data-elementor-id=\"2161\" class=\"elementor elementor-2161\">\n\t\t\t\t\t\t<section class=\"elementor-section elementor-top-section elementor-element elementor-element-0b1d979 elementor-section-boxed elementor-section-height-default elementor-section-height-default\" data-id=\"0b1d979\" data-element_type=\"section\">\n\t\t\t\t\t\t<div class=\"elementor-container elementor-column-gap-default\">\n\t\t\t\t\t<div class=\"elementor-column elementor-col-50 elementor-top-column elementor-element elementor-element-7829734\" data-id=\"7829734\" data-element_type=\"column\">\n\t\t\t<div class=\"elementor-widget-wrap elementor-element-populated\">\n\t\t\t\t\t\t<div class=\"elementor-element elementor-element-158b97b elementor-widget elementor-widget-image\" data-id=\"158b97b\" data-element_type=\"widget\" data-widget_type=\"image.default\">\n\t\t\t\t\t\t\t\t\t\t\t\t\t\t\t<img data-opt-id=1935180846  fetchpriority=\"high\" decoding=\"async\" width=\"450\" height=\"450\" src=\"https:\/\/mlnbhdmb5shf.i.optimole.com\/w:auto\/h:auto\/q:mauto\/f:best\/https:\/\/tamsanmotor.com\/wp-content\/uploads\/2019\/03\/GWM.png\" class=\"attachment-large size-large wp-image-2222\" alt=\"\" srcset=\"https:\/\/mlnbhdmb5shf.i.optimole.com\/w:450\/h:450\/q:mauto\/f:best\/https:\/\/tamsanmotor.com\/wp-content\/uploads\/2019\/03\/GWM.png 450w, https:\/\/mlnbhdmb5shf.i.optimole.com\/w:150\/h:150\/q:mauto\/f:best\/https:\/\/tamsanmotor.com\/wp-content\/uploads\/2019\/03\/GWM.png 150w, https:\/\/mlnbhdmb5shf.i.optimole.com\/w:300\/h:300\/q:mauto\/f:best\/https:\/\/tamsanmotor.com\/wp-content\/uploads\/2019\/03\/GWM.png 300w\" sizes=\"(max-width: 450px) 100vw, 450px\" \/>\t\t\t\t\t\t\t\t\t\t\t\t\t\t\t<\/div>\n\t\t\t\t\t<\/div>\n\t\t<\/div>\n\t\t\t\t<div class=\"elementor-column elementor-col-50 elementor-top-column elementor-element elementor-element-e135964\" data-id=\"e135964\" data-element_type=\"column\">\n\t\t\t<div class=\"elementor-widget-wrap elementor-element-populated\">\n\t\t\t\t\t\t<div class=\"elementor-element elementor-element-2ffabe9 elementor-widget elementor-widget-heading\" data-id=\"2ffabe9\" data-element_type=\"widget\" data-widget_type=\"heading.default\">\n\t\t\t\t\t<h2 class=\"elementor-heading-title elementor-size-default\">GWM Serisi otomatik panjurlu fanlar  i\u00e7 mekandan d\u0131\u015f mekana hava at\u0131\u015f\u0131n\u0131 direkt  ya da k\u0131sa dairesel kanallara yapabilen duvar,pencere yada tavana kolayl\u0131kla montaj edilebilen, sessiz , dekoratif ,  enerji tasarruflu fanlard\u0131r.Panjurlari sayesin de disaridan gelecek toz,kir vb. seylerin iceri girmesini engeller.\n\nK\u00fc\u00e7\u00fck mekanlar\u0131n uygun maliyetli havaland\u0131rma \u00e7\u00f6z\u00fcm\u00fc i\u00e7in idealdir.<\/h2>\t\t\t\t<\/div>\n\t\t\t\t<div class=\"elementor-element elementor-element-fd63b2c elementor-widget elementor-widget-heading\" data-id=\"fd63b2c\" data-element_type=\"widget\" data-widget_type=\"heading.default\">\n\t\t\t\t\t<h2 class=\"elementor-heading-title elementor-size-default\">Kullan\u0131labilir \u00f6l\u00e7\u00fcler<\/h2>\t\t\t\t<\/div>\n\t\t\t\t<div class=\"elementor-element elementor-element-8164083 elementor-widget elementor-widget-heading\" data-id=\"8164083\" data-element_type=\"widget\" data-widget_type=\"heading.default\">\n\t\t\t\t\t<h2 class=\"elementor-heading-title elementor-size-default\">100 mm ,120 mm , 150 mm<\/h2>\t\t\t\t<\/div>\n\t\t\t\t<div class=\"elementor-element elementor-element-2237cb2 elementor-widget elementor-widget-heading\" data-id=\"2237cb2\" data-element_type=\"widget\" data-widget_type=\"heading.default\">\n\t\t\t\t\t<h2 class=\"elementor-heading-title elementor-size-default\">Kullan\u0131m alanlar\u0131<\/h2>\t\t\t\t<\/div>\n\t\t\t\t<div class=\"elementor-element elementor-element-8bf66a8 elementor-widget elementor-widget-heading\" data-id=\"8bf66a8\" data-element_type=\"widget\" data-widget_type=\"heading.default\">\n\t\t\t\t\t<h3 class=\"elementor-heading-title elementor-size-default\">Tuvalet <br>Banyo<br> Mutfak<\/h3>\t\t\t\t<\/div>\n\t\t\t\t<div class=\"elementor-element elementor-element-fb6134a elementor-button-danger elementor-widget elementor-widget-button\" data-id=\"fb6134a\" data-element_type=\"widget\" data-widget_type=\"button.default\">\n\t\t\t\t\t\t\t\t\t\t<a class=\"elementor-button elementor-button-link elementor-size-md\" href=\"#\">\n\t\t\t\t\t\t<span class=\"elementor-button-content-wrapper\">\n\t\t\t\t\t\t<span class=\"elementor-button-icon\">\n\t\t\t\t\t\t\t\t\t<i class=\"fa fa-file-pdf-o\" aria-hidden=\"true\"><\/i>\n\t\t\t\t\t\t\t<\/span>\n\t\t\t\t\t\t\t\t\t<span class=\"elementor-button-text\">Katalog<\/span>\n\t\t\t\t\t<\/span>\n\t\t\t\t\t<\/a>\n\t\t\t\t\t\t\t\t<\/div>\n\t\t\t\t\t<\/div>\n\t\t<\/div>\n\t\t\t\t\t<\/div>\n\t\t<\/section>\n\t\t\t\t<\/div>\n\t\t","protected":false},"excerpt":{"rendered":"<p>GWM Serisi otomatik panjurlu fanlar i\u00e7 mekandan d\u0131\u015f mekana hava at\u0131\u015f\u0131n\u0131 direkt ya da k\u0131sa dairesel kanallara yapabilen duvar,pencere yada tavana kolayl\u0131kla montaj edilebilen, sessiz , dekoratif , enerji tasarruflu fanlard\u0131r.Panjurlari sayesin de disaridan gelecek toz,kir vb. seylerin iceri girmesini engeller. K\u00fc\u00e7\u00fck mekanlar\u0131n uygun maliyetli havaland\u0131rma \u00e7\u00f6z\u00fcm\u00fc i\u00e7in idealdir. Kullan\u0131labilir \u00f6l\u00e7\u00fcler 100 mm ,120 mm [&hellip;]<\/p>\n","protected":false},"author":1,"featured_media":0,"parent":1067,"menu_order":0,"comment_status":"closed","ping_status":"closed","template":"","meta":{"footnotes":""},"wf_page_folders":[],"class_list":["post-2161","page","type-page","status-publish","hentry"],"yoast_head":"<!-- This site is optimized with the Yoast SEO plugin v24.8.1 - https:\/\/yoast.com\/wordpress\/plugins\/seo\/ -->\n<title>Gwm Serisi Otomatik Panjurlu Banyo Fanlar\u0131 - Tamsan Motor<\/title>\n<meta name=\"robots\" content=\"index, follow, max-snippet:-1, max-image-preview:large, max-video-preview:-1\" \/>\n<link rel=\"canonical\" href=\"https:\/\/tamsanmotor.com\/index.php\/urunler\/havalandirma-sistemleri\/plastik-banyo-ve-baca-aspiratorleri\/gwm-serisi-otomatik-panjurlu-banyo-fanlari\/\" \/>\n<meta property=\"og:locale\" content=\"tr_TR\" \/>\n<meta property=\"og:type\" content=\"article\" \/>\n<meta property=\"og:title\" content=\"Gwm Serisi Otomatik Panjurlu Banyo Fanlar\u0131 - Tamsan Motor\" \/>\n<meta property=\"og:description\" content=\"GWM Serisi otomatik panjurlu fanlar i\u00e7 mekandan d\u0131\u015f mekana hava at\u0131\u015f\u0131n\u0131 direkt ya da k\u0131sa dairesel kanallara yapabilen duvar,pencere yada tavana kolayl\u0131kla montaj edilebilen, sessiz , dekoratif , enerji tasarruflu fanlard\u0131r.Panjurlari sayesin de disaridan gelecek toz,kir vb. seylerin iceri girmesini engeller. K\u00fc\u00e7\u00fck mekanlar\u0131n uygun maliyetli havaland\u0131rma \u00e7\u00f6z\u00fcm\u00fc i\u00e7in idealdir. Kullan\u0131labilir \u00f6l\u00e7\u00fcler 100 mm ,120 mm [&hellip;]\" \/>\n<meta property=\"og:url\" content=\"https:\/\/tamsanmotor.com\/index.php\/urunler\/havalandirma-sistemleri\/plastik-banyo-ve-baca-aspiratorleri\/gwm-serisi-otomatik-panjurlu-banyo-fanlari\/\" \/>\n<meta property=\"og:site_name\" content=\"Tamsan Motor\" \/>\n<meta property=\"article:modified_time\" content=\"2019-03-20T21:13:59+00:00\" \/>\n<meta property=\"og:image\" content=\"https:\/\/mlnbhdmb5shf.i.optimole.com\/w:auto\/h:auto\/q:mauto\/f:best\/http:\/\/tamsanmotor.com\/wp-content\/uploads\/2019\/03\/GWM.png\" \/>\n<meta name=\"twitter:card\" content=\"summary_large_image\" \/>\n<script type=\"application\/ld+json\" class=\"yoast-schema-graph\">{\"@context\":\"https:\/\/schema.org\",\"@graph\":[{\"@type\":\"WebPage\",\"@id\":\"https:\/\/tamsanmotor.com\/index.php\/urunler\/havalandirma-sistemleri\/plastik-banyo-ve-baca-aspiratorleri\/gwm-serisi-otomatik-panjurlu-banyo-fanlari\/\",\"url\":\"https:\/\/tamsanmotor.com\/index.php\/urunler\/havalandirma-sistemleri\/plastik-banyo-ve-baca-aspiratorleri\/gwm-serisi-otomatik-panjurlu-banyo-fanlari\/\",\"name\":\"Gwm Serisi Otomatik Panjurlu Banyo Fanlar\u0131 - Tamsan Motor\",\"isPartOf\":{\"@id\":\"https:\/\/tamsanmotor.com\/#website\"},\"primaryImageOfPage\":{\"@id\":\"https:\/\/tamsanmotor.com\/index.php\/urunler\/havalandirma-sistemleri\/plastik-banyo-ve-baca-aspiratorleri\/gwm-serisi-otomatik-panjurlu-banyo-fanlari\/#primaryimage\"},\"image\":{\"@id\":\"https:\/\/tamsanmotor.com\/index.php\/urunler\/havalandirma-sistemleri\/plastik-banyo-ve-baca-aspiratorleri\/gwm-serisi-otomatik-panjurlu-banyo-fanlari\/#primaryimage\"},\"thumbnailUrl\":\"https:\/\/mlnbhdmb5shf.i.optimole.com\/w:auto\/h:auto\/q:mauto\/f:best\/http:\/\/tamsanmotor.com\/wp-content\/uploads\/2019\/03\/GWM.png\",\"datePublished\":\"2019-03-20T20:29:30+00:00\",\"dateModified\":\"2019-03-20T21:13:59+00:00\",\"breadcrumb\":{\"@id\":\"https:\/\/tamsanmotor.com\/index.php\/urunler\/havalandirma-sistemleri\/plastik-banyo-ve-baca-aspiratorleri\/gwm-serisi-otomatik-panjurlu-banyo-fanlari\/#breadcrumb\"},\"inLanguage\":\"tr\",\"potentialAction\":[{\"@type\":\"ReadAction\",\"target\":[\"https:\/\/tamsanmotor.com\/index.php\/urunler\/havalandirma-sistemleri\/plastik-banyo-ve-baca-aspiratorleri\/gwm-serisi-otomatik-panjurlu-banyo-fanlari\/\"]}]},{\"@type\":\"ImageObject\",\"inLanguage\":\"tr\",\"@id\":\"https:\/\/tamsanmotor.com\/index.php\/urunler\/havalandirma-sistemleri\/plastik-banyo-ve-baca-aspiratorleri\/gwm-serisi-otomatik-panjurlu-banyo-fanlari\/#primaryimage\",\"url\":\"https:\/\/mlnbhdmb5shf.i.optimole.com\/w:auto\/h:auto\/q:mauto\/f:best\/https:\/\/tamsanmotor.com\/wp-content\/uploads\/2019\/03\/GWM.png\",\"contentUrl\":\"https:\/\/mlnbhdmb5shf.i.optimole.com\/w:auto\/h:auto\/q:mauto\/f:best\/https:\/\/tamsanmotor.com\/wp-content\/uploads\/2019\/03\/GWM.png\",\"width\":450,\"height\":450},{\"@type\":\"BreadcrumbList\",\"@id\":\"https:\/\/tamsanmotor.com\/index.php\/urunler\/havalandirma-sistemleri\/plastik-banyo-ve-baca-aspiratorleri\/gwm-serisi-otomatik-panjurlu-banyo-fanlari\/#breadcrumb\",\"itemListElement\":[{\"@type\":\"ListItem\",\"position\":1,\"name\":\"Ana sayfa\",\"item\":\"https:\/\/tamsanmotor.com\/\"},{\"@type\":\"ListItem\",\"position\":2,\"name\":\"\u00dcr\u00fcnler\",\"item\":\"https:\/\/tamsanmotor.com\/index.php\/urunler\/\"},{\"@type\":\"ListItem\",\"position\":3,\"name\":\"Havaland\u0131rma Sistemleri\",\"item\":\"https:\/\/tamsanmotor.com\/index.php\/urunler\/havalandirma-sistemleri\/\"},{\"@type\":\"ListItem\",\"position\":4,\"name\":\"Plastik Banyo ve Baca Aspirat\u00f6rleri\",\"item\":\"https:\/\/tamsanmotor.com\/index.php\/urunler\/havalandirma-sistemleri\/plastik-banyo-ve-baca-aspiratorleri\/\"},{\"@type\":\"ListItem\",\"position\":5,\"name\":\"Gwm Serisi Otomatik Panjurlu Banyo Fanlar\u0131\"}]},{\"@type\":\"WebSite\",\"@id\":\"https:\/\/tamsanmotor.com\/#website\",\"url\":\"https:\/\/tamsanmotor.com\/\",\"name\":\"Tamsan Elektrik Motor\",\"description\":\"\",\"publisher\":{\"@id\":\"https:\/\/tamsanmotor.com\/#organization\"},\"potentialAction\":[{\"@type\":\"SearchAction\",\"target\":{\"@type\":\"EntryPoint\",\"urlTemplate\":\"https:\/\/tamsanmotor.com\/?s={search_term_string}\"},\"query-input\":{\"@type\":\"PropertyValueSpecification\",\"valueRequired\":true,\"valueName\":\"search_term_string\"}}],\"inLanguage\":\"tr\"},{\"@type\":\"Organization\",\"@id\":\"https:\/\/tamsanmotor.com\/#organization\",\"name\":\"Tamsan Elektrik Motor San. ve Tic. Ltd. \u015eti.\",\"url\":\"https:\/\/tamsanmotor.com\/\",\"logo\":{\"@type\":\"ImageObject\",\"inLanguage\":\"tr\",\"@id\":\"https:\/\/tamsanmotor.com\/#\/schema\/logo\/image\/\",\"url\":\"https:\/\/mlnbhdmb5shf.i.optimole.com\/w:auto\/h:auto\/q:mauto\/f:best\/https:\/\/tamsanmotor.com\/wp-content\/uploads\/2019\/11\/TAMSAN-logo.jpg\",\"contentUrl\":\"https:\/\/mlnbhdmb5shf.i.optimole.com\/w:auto\/h:auto\/q:mauto\/f:best\/https:\/\/tamsanmotor.com\/wp-content\/uploads\/2019\/11\/TAMSAN-logo.jpg\",\"width\":1388,\"height\":292,\"caption\":\"Tamsan Elektrik Motor San. ve Tic. Ltd. \u015eti.\"},\"image\":{\"@id\":\"https:\/\/tamsanmotor.com\/#\/schema\/logo\/image\/\"}}]}<\/script>\n<!-- \/ Yoast SEO plugin. -->","yoast_head_json":{"title":"Gwm Serisi Otomatik Panjurlu Banyo Fanlar\u0131 - Tamsan Motor","robots":{"index":"index","follow":"follow","max-snippet":"max-snippet:-1","max-image-preview":"max-image-preview:large","max-video-preview":"max-video-preview:-1"},"canonical":"https:\/\/tamsanmotor.com\/index.php\/urunler\/havalandirma-sistemleri\/plastik-banyo-ve-baca-aspiratorleri\/gwm-serisi-otomatik-panjurlu-banyo-fanlari\/","og_locale":"tr_TR","og_type":"article","og_title":"Gwm Serisi Otomatik Panjurlu Banyo Fanlar\u0131 - Tamsan Motor","og_description":"GWM Serisi otomatik panjurlu fanlar i\u00e7 mekandan d\u0131\u015f mekana hava at\u0131\u015f\u0131n\u0131 direkt ya da k\u0131sa dairesel kanallara yapabilen duvar,pencere yada tavana kolayl\u0131kla montaj edilebilen, sessiz , dekoratif , enerji tasarruflu fanlard\u0131r.Panjurlari sayesin de disaridan gelecek toz,kir vb. seylerin iceri girmesini engeller. K\u00fc\u00e7\u00fck mekanlar\u0131n uygun maliyetli havaland\u0131rma \u00e7\u00f6z\u00fcm\u00fc i\u00e7in idealdir. Kullan\u0131labilir \u00f6l\u00e7\u00fcler 100 mm ,120 mm [&hellip;]","og_url":"https:\/\/tamsanmotor.com\/index.php\/urunler\/havalandirma-sistemleri\/plastik-banyo-ve-baca-aspiratorleri\/gwm-serisi-otomatik-panjurlu-banyo-fanlari\/","og_site_name":"Tamsan Motor","article_modified_time":"2019-03-20T21:13:59+00:00","og_image":[{"url":"https:\/\/mlnbhdmb5shf.i.optimole.com\/w:auto\/h:auto\/q:mauto\/f:best\/http:\/\/tamsanmotor.com\/wp-content\/uploads\/2019\/03\/GWM.png","type":"","width":"","height":""}],"twitter_card":"summary_large_image","schema":{"@context":"https:\/\/schema.org","@graph":[{"@type":"WebPage","@id":"https:\/\/tamsanmotor.com\/index.php\/urunler\/havalandirma-sistemleri\/plastik-banyo-ve-baca-aspiratorleri\/gwm-serisi-otomatik-panjurlu-banyo-fanlari\/","url":"https:\/\/tamsanmotor.com\/index.php\/urunler\/havalandirma-sistemleri\/plastik-banyo-ve-baca-aspiratorleri\/gwm-serisi-otomatik-panjurlu-banyo-fanlari\/","name":"Gwm Serisi Otomatik Panjurlu Banyo Fanlar\u0131 - Tamsan Motor","isPartOf":{"@id":"https:\/\/tamsanmotor.com\/#website"},"primaryImageOfPage":{"@id":"https:\/\/tamsanmotor.com\/index.php\/urunler\/havalandirma-sistemleri\/plastik-banyo-ve-baca-aspiratorleri\/gwm-serisi-otomatik-panjurlu-banyo-fanlari\/#primaryimage"},"image":{"@id":"https:\/\/tamsanmotor.com\/index.php\/urunler\/havalandirma-sistemleri\/plastik-banyo-ve-baca-aspiratorleri\/gwm-serisi-otomatik-panjurlu-banyo-fanlari\/#primaryimage"},"thumbnailUrl":"https:\/\/mlnbhdmb5shf.i.optimole.com\/w:auto\/h:auto\/q:mauto\/f:best\/http:\/\/tamsanmotor.com\/wp-content\/uploads\/2019\/03\/GWM.png","datePublished":"2019-03-20T20:29:30+00:00","dateModified":"2019-03-20T21:13:59+00:00","breadcrumb":{"@id":"https:\/\/tamsanmotor.com\/index.php\/urunler\/havalandirma-sistemleri\/plastik-banyo-ve-baca-aspiratorleri\/gwm-serisi-otomatik-panjurlu-banyo-fanlari\/#breadcrumb"},"inLanguage":"tr","potentialAction":[{"@type":"ReadAction","target":["https:\/\/tamsanmotor.com\/index.php\/urunler\/havalandirma-sistemleri\/plastik-banyo-ve-baca-aspiratorleri\/gwm-serisi-otomatik-panjurlu-banyo-fanlari\/"]}]},{"@type":"ImageObject","inLanguage":"tr","@id":"https:\/\/tamsanmotor.com\/index.php\/urunler\/havalandirma-sistemleri\/plastik-banyo-ve-baca-aspiratorleri\/gwm-serisi-otomatik-panjurlu-banyo-fanlari\/#primaryimage","url":"https:\/\/mlnbhdmb5shf.i.optimole.com\/w:auto\/h:auto\/q:mauto\/f:best\/https:\/\/tamsanmotor.com\/wp-content\/uploads\/2019\/03\/GWM.png","contentUrl":"https:\/\/mlnbhdmb5shf.i.optimole.com\/w:auto\/h:auto\/q:mauto\/f:best\/https:\/\/tamsanmotor.com\/wp-content\/uploads\/2019\/03\/GWM.png","width":450,"height":450},{"@type":"BreadcrumbList","@id":"https:\/\/tamsanmotor.com\/index.php\/urunler\/havalandirma-sistemleri\/plastik-banyo-ve-baca-aspiratorleri\/gwm-serisi-otomatik-panjurlu-banyo-fanlari\/#breadcrumb","itemListElement":[{"@type":"ListItem","position":1,"name":"Ana sayfa","item":"https:\/\/tamsanmotor.com\/"},{"@type":"ListItem","position":2,"name":"\u00dcr\u00fcnler","item":"https:\/\/tamsanmotor.com\/index.php\/urunler\/"},{"@type":"ListItem","position":3,"name":"Havaland\u0131rma Sistemleri","item":"https:\/\/tamsanmotor.com\/index.php\/urunler\/havalandirma-sistemleri\/"},{"@type":"ListItem","position":4,"name":"Plastik Banyo ve Baca Aspirat\u00f6rleri","item":"https:\/\/tamsanmotor.com\/index.php\/urunler\/havalandirma-sistemleri\/plastik-banyo-ve-baca-aspiratorleri\/"},{"@type":"ListItem","position":5,"name":"Gwm Serisi Otomatik Panjurlu Banyo Fanlar\u0131"}]},{"@type":"WebSite","@id":"https:\/\/tamsanmotor.com\/#website","url":"https:\/\/tamsanmotor.com\/","name":"Tamsan Elektrik Motor","description":"","publisher":{"@id":"https:\/\/tamsanmotor.com\/#organization"},"potentialAction":[{"@type":"SearchAction","target":{"@type":"EntryPoint","urlTemplate":"https:\/\/tamsanmotor.com\/?s={search_term_string}"},"query-input":{"@type":"PropertyValueSpecification","valueRequired":true,"valueName":"search_term_string"}}],"inLanguage":"tr"},{"@type":"Organization","@id":"https:\/\/tamsanmotor.com\/#organization","name":"Tamsan Elektrik Motor San. ve Tic. Ltd. \u015eti.","url":"https:\/\/tamsanmotor.com\/","logo":{"@type":"ImageObject","inLanguage":"tr","@id":"https:\/\/tamsanmotor.com\/#\/schema\/logo\/image\/","url":"https:\/\/mlnbhdmb5shf.i.optimole.com\/w:auto\/h:auto\/q:mauto\/f:best\/https:\/\/tamsanmotor.com\/wp-content\/uploads\/2019\/11\/TAMSAN-logo.jpg","contentUrl":"https:\/\/mlnbhdmb5shf.i.optimole.com\/w:auto\/h:auto\/q:mauto\/f:best\/https:\/\/tamsanmotor.com\/wp-content\/uploads\/2019\/11\/TAMSAN-logo.jpg","width":1388,"height":292,"caption":"Tamsan Elektrik Motor San. ve Tic. Ltd. \u015eti."},"image":{"@id":"https:\/\/tamsanmotor.com\/#\/schema\/logo\/image\/"}}]}},"_links":{"self":[{"href":"https:\/\/tamsanmotor.com\/index.php\/wp-json\/wp\/v2\/pages\/2161","targetHints":{"allow":["GET"]}}],"collection":[{"href":"https:\/\/tamsanmotor.com\/index.php\/wp-json\/wp\/v2\/pages"}],"about":[{"href":"https:\/\/tamsanmotor.com\/index.php\/wp-json\/wp\/v2\/types\/page"}],"author":[{"embeddable":true,"href":"https:\/\/tamsanmotor.com\/index.php\/wp-json\/wp\/v2\/users\/1"}],"replies":[{"embeddable":true,"href":"https:\/\/tamsanmotor.com\/index.php\/wp-json\/wp\/v2\/comments?post=2161"}],"version-history":[{"count":0,"href":"https:\/\/tamsanmotor.com\/index.php\/wp-json\/wp\/v2\/pages\/2161\/revisions"}],"up":[{"embeddable":true,"href":"https:\/\/tamsanmotor.com\/index.php\/wp-json\/wp\/v2\/pages\/1067"}],"wp:attachment":[{"href":"https:\/\/tamsanmotor.com\/index.php\/wp-json\/wp\/v2\/media?parent=2161"}],"wp:term":[{"taxonomy":"wf_page_folders","embeddable":true,"href":"https:\/\/tamsanmotor.com\/index.php\/wp-json\/wp\/v2\/wf_page_folders?post=2161"}],"curies":[{"name":"wp","href":"https:\/\/api.w.org\/{rel}","templated":true}]}}