{"id":602,"date":"2019-03-09T16:32:42","date_gmt":"2019-03-09T13:32:42","guid":{"rendered":"http:\/\/tamsanmotor.com\/?page_id=602"},"modified":"2019-10-11T16:54:48","modified_gmt":"2019-10-11T13:54:48","slug":"dokum-s-serisi","status":"publish","type":"page","link":"https:\/\/tamsanmotor.com\/index.php\/urunler\/varyatorler\/dokum-s-serisi\/","title":{"rendered":"D\u00f6k\u00fcm S Serisi"},"content":{"rendered":"\t\t<div data-elementor-type=\"wp-post\" data-elementor-id=\"602\" class=\"elementor elementor-602\">\n\t\t\t\t\t\t<section class=\"elementor-section elementor-top-section elementor-element elementor-element-3ae11dc elementor-section-boxed elementor-section-height-default elementor-section-height-default\" data-id=\"3ae11dc\" data-element_type=\"section\">\n\t\t\t\t\t\t<div class=\"elementor-container elementor-column-gap-default\">\n\t\t\t\t\t<div class=\"elementor-column elementor-col-50 elementor-top-column elementor-element elementor-element-f22edb2\" data-id=\"f22edb2\" data-element_type=\"column\">\n\t\t\t<div class=\"elementor-widget-wrap elementor-element-populated\">\n\t\t\t\t\t\t<div class=\"elementor-element elementor-element-aef255b elementor-widget elementor-widget-image\" data-id=\"aef255b\" data-element_type=\"widget\" data-widget_type=\"image.default\">\n\t\t\t\t\t\t\t\t\t\t\t\t\t\t\t\t<a href=\"https:\/\/mlnbhdmb5shf.i.optimole.com\/w:auto\/h:auto\/q:mauto\/f:best\/http:\/\/tamsanmotor.com\/wp-content\/uploads\/2019\/03\/Varyat\u00f6rler-D\u00f6k\u00fcm-S-SerisiPhoto.jpg\" data-elementor-open-lightbox=\"yes\" data-elementor-lightbox-title=\"Varyat\u00f6rler - D\u00f6k\u00fcm S Serisi(Photo)\" data-e-action-hash=\"#elementor-action%3Aaction%3Dlightbox%26settings%3DeyJpZCI6NjA1LCJ1cmwiOiJodHRwczpcL1wvdGFtc2FubW90b3IuY29tXC93cC1jb250ZW50XC91cGxvYWRzXC8yMDE5XC8wM1wvVmFyeWF0XHUwMGY2cmxlci1EXHUwMGY2a1x1MDBmY20tUy1TZXJpc2lQaG90by5qcGcifQ%3D%3D\">\n\t\t\t\t\t\t\t<img data-opt-id=933146196  fetchpriority=\"high\" decoding=\"async\" width=\"450\" height=\"450\" src=\"https:\/\/mlnbhdmb5shf.i.optimole.com\/w:450\/h:450\/q:mauto\/f:best\/https:\/\/tamsanmotor.com\/wp-content\/uploads\/2019\/03\/Varyatörler-Döküm-S-SerisiPhoto.jpg\" class=\"attachment-large size-large wp-image-605\" alt=\"\" srcset=\"https:\/\/mlnbhdmb5shf.i.optimole.com\/w:450\/h:450\/q:mauto\/f:best\/https:\/\/tamsanmotor.com\/wp-content\/uploads\/2019\/03\/Varyatörler-Döküm-S-SerisiPhoto.jpg 450w, https:\/\/mlnbhdmb5shf.i.optimole.com\/w:150\/h:150\/q:mauto\/f:best\/https:\/\/tamsanmotor.com\/wp-content\/uploads\/2019\/03\/Varyat\u00f6rler-D\u00f6k\u00fcm-S-SerisiPhoto.jpg 150w, https:\/\/mlnbhdmb5shf.i.optimole.com\/w:300\/h:300\/q:mauto\/f:best\/https:\/\/tamsanmotor.com\/wp-content\/uploads\/2019\/03\/Varyat\u00f6rler-D\u00f6k\u00fcm-S-SerisiPhoto.jpg 300w, https:\/\/mlnbhdmb5shf.i.optimole.com\/w:100\/h:100\/q:mauto\/f:best\/https:\/\/tamsanmotor.com\/wp-content\/uploads\/2019\/03\/Varyat\u00f6rler-D\u00f6k\u00fcm-S-SerisiPhoto.jpg 100w\" sizes=\"(max-width: 450px) 100vw, 450px\" \/>\t\t\t\t\t\t\t\t<\/a>\n\t\t\t\t\t\t\t\t\t\t\t\t\t\t\t<\/div>\n\t\t\t\t\t<\/div>\n\t\t<\/div>\n\t\t\t\t<div class=\"elementor-column elementor-col-50 elementor-top-column elementor-element elementor-element-3cba129\" data-id=\"3cba129\" data-element_type=\"column\">\n\t\t\t<div class=\"elementor-widget-wrap elementor-element-populated\">\n\t\t\t\t\t\t<div class=\"elementor-element elementor-element-4f2f686 elementor-widget elementor-widget-heading\" data-id=\"4f2f686\" data-element_type=\"widget\" data-widget_type=\"heading.default\">\n\t\t\t\t\t<h2 class=\"elementor-heading-title elementor-size-default\"><div class=\"technical-specifications\">\n                        <h3 class=\"product-info-title\">\n                            Teknik \u00d6zellikler<\/h3>\n                        <ul><li><strong>G\u00f6vde B\u00fcy\u00fckl\u00fc\u011f\u00fc<\/strong>7 ayr\u0131 g\u00f6vde<\/li><li><strong>G\u00fc\u00e7 (PN2)<\/strong>0,15 kW - 9,2 kW<\/li><li><strong>Max. Tork<\/strong>144 Nm<\/li><li><strong>Tahvil Oran\u0131 (iN)<\/strong>i = (rpm max\/rpm min)<\/li><li><strong><\/strong>i = 5<\/li><li><strong>Diferansiyelli<\/strong>i = sonsuz<\/li><\/ul>\n                    <\/div>\n                \n                \n                    \n                        <h4 class=\"product-info-title\">\n                            \u00dcr\u00fcn A\u00e7\u0131klamas\u0131<\/h4>\n                        <ul><li>G200 gri d\u00f6kme demir g\u00f6vde.<\/li><li>Sertle\u015ftirilmi\u015f ve temperlenmi\u015f 20MnCr5 (UNI8550) mil.<\/li><li>100Cr6 \u0131s\u0131l i\u015flem g\u00f6rm\u00fc\u015f \u00e7elik i\u00e7 bile\u015fenler.<\/li><li>Sessiz, titre\u015fimsiz \u00e7al\u0131\u015fma<\/li><li>Y\u00fcksek verimlilik<\/li><li>\u00c7ift y\u00f6nl\u00fc \u00e7al\u0131\u015fma.<\/li><li>Motor ile kullan\u0131mda max %5 kay\u0131p <\/li><li>B\u00fct\u00fcn g\u00f6vdeler DIN 1843 standart\u0131na uygun olarak RAL 5010 epoxy polyester mavi boya ile boyanm\u0131\u015ft\u0131r.<\/li><\/ul><\/h2>\t\t\t\t<\/div>\n\t\t\t\t\t<\/div>\n\t\t<\/div>\n\t\t\t\t\t<\/div>\n\t\t<\/section>\n\t\t\t\t<section class=\"elementor-section elementor-top-section elementor-element elementor-element-cdc37c9 elementor-section-boxed elementor-section-height-default elementor-section-height-default\" data-id=\"cdc37c9\" data-element_type=\"section\">\n\t\t\t\t\t\t<div class=\"elementor-container elementor-column-gap-default\">\n\t\t\t\t\t<div class=\"elementor-column elementor-col-100 elementor-top-column elementor-element elementor-element-468faae\" data-id=\"468faae\" data-element_type=\"column\">\n\t\t\t<div class=\"elementor-widget-wrap elementor-element-populated\">\n\t\t\t\t\t\t<div class=\"elementor-element elementor-element-b402e76 elementor-widget elementor-widget-spacer\" data-id=\"b402e76\" data-element_type=\"widget\" data-widget_type=\"spacer.default\">\n\t\t\t\t\t\t\t<div class=\"elementor-spacer\">\n\t\t\t<div class=\"elementor-spacer-inner\"><\/div>\n\t\t<\/div>\n\t\t\t\t\t\t<\/div>\n\t\t\t\t\t<\/div>\n\t\t<\/div>\n\t\t\t\t\t<\/div>\n\t\t<\/section>\n\t\t\t\t<\/div>\n\t\t","protected":false},"excerpt":{"rendered":"<p>Teknik \u00d6zellikler G\u00f6vde B\u00fcy\u00fckl\u00fc\u011f\u00fc7 ayr\u0131 g\u00f6vde G\u00fc\u00e7 (PN2)0,15 kW &#8211; 9,2 kW Max. Tork144 Nm Tahvil Oran\u0131 (iN)i = (rpm max\/rpm min) i = 5 Diferansiyellii = sonsuz \u00dcr\u00fcn A\u00e7\u0131klamas\u0131 G200 gri d\u00f6kme demir g\u00f6vde. Sertle\u015ftirilmi\u015f ve temperlenmi\u015f 20MnCr5 (UNI8550) mil. 100Cr6 \u0131s\u0131l i\u015flem g\u00f6rm\u00fc\u015f \u00e7elik i\u00e7 bile\u015fenler. Sessiz, titre\u015fimsiz \u00e7al\u0131\u015fma Y\u00fcksek verimlilik \u00c7ift y\u00f6nl\u00fc [&hellip;]<\/p>\n","protected":false},"author":1,"featured_media":0,"parent":560,"menu_order":0,"comment_status":"closed","ping_status":"closed","template":"","meta":{"footnotes":""},"wf_page_folders":[],"class_list":["post-602","page","type-page","status-publish","hentry"],"yoast_head":"<!-- This site is optimized with the Yoast SEO plugin v24.8.1 - https:\/\/yoast.com\/wordpress\/plugins\/seo\/ -->\n<title>D\u00f6k\u00fcm S Serisi - Tamsan Motor<\/title>\n<meta name=\"robots\" content=\"index, follow, max-snippet:-1, max-image-preview:large, max-video-preview:-1\" \/>\n<link rel=\"canonical\" href=\"https:\/\/tamsanmotor.com\/index.php\/urunler\/varyatorler\/dokum-s-serisi\/\" \/>\n<meta property=\"og:locale\" content=\"tr_TR\" \/>\n<meta property=\"og:type\" content=\"article\" \/>\n<meta property=\"og:title\" content=\"D\u00f6k\u00fcm S Serisi - Tamsan Motor\" \/>\n<meta property=\"og:description\" content=\"Teknik \u00d6zellikler G\u00f6vde B\u00fcy\u00fckl\u00fc\u011f\u00fc7 ayr\u0131 g\u00f6vde G\u00fc\u00e7 (PN2)0,15 kW &#8211; 9,2 kW Max. Tork144 Nm Tahvil Oran\u0131 (iN)i = (rpm max\/rpm min) i = 5 Diferansiyellii = sonsuz \u00dcr\u00fcn A\u00e7\u0131klamas\u0131 G200 gri d\u00f6kme demir g\u00f6vde. Sertle\u015ftirilmi\u015f ve temperlenmi\u015f 20MnCr5 (UNI8550) mil. 100Cr6 \u0131s\u0131l i\u015flem g\u00f6rm\u00fc\u015f \u00e7elik i\u00e7 bile\u015fenler. Sessiz, titre\u015fimsiz \u00e7al\u0131\u015fma Y\u00fcksek verimlilik \u00c7ift y\u00f6nl\u00fc [&hellip;]\" \/>\n<meta property=\"og:url\" content=\"https:\/\/tamsanmotor.com\/index.php\/urunler\/varyatorler\/dokum-s-serisi\/\" \/>\n<meta property=\"og:site_name\" content=\"Tamsan Motor\" \/>\n<meta property=\"article:modified_time\" content=\"2019-10-11T13:54:48+00:00\" \/>\n<meta name=\"twitter:card\" content=\"summary_large_image\" \/>\n<script type=\"application\/ld+json\" class=\"yoast-schema-graph\">{\"@context\":\"https:\/\/schema.org\",\"@graph\":[{\"@type\":\"WebPage\",\"@id\":\"https:\/\/tamsanmotor.com\/index.php\/urunler\/varyatorler\/dokum-s-serisi\/\",\"url\":\"https:\/\/tamsanmotor.com\/index.php\/urunler\/varyatorler\/dokum-s-serisi\/\",\"name\":\"D\u00f6k\u00fcm S Serisi - Tamsan Motor\",\"isPartOf\":{\"@id\":\"https:\/\/tamsanmotor.com\/#website\"},\"datePublished\":\"2019-03-09T13:32:42+00:00\",\"dateModified\":\"2019-10-11T13:54:48+00:00\",\"breadcrumb\":{\"@id\":\"https:\/\/tamsanmotor.com\/index.php\/urunler\/varyatorler\/dokum-s-serisi\/#breadcrumb\"},\"inLanguage\":\"tr\",\"potentialAction\":[{\"@type\":\"ReadAction\",\"target\":[\"https:\/\/tamsanmotor.com\/index.php\/urunler\/varyatorler\/dokum-s-serisi\/\"]}]},{\"@type\":\"BreadcrumbList\",\"@id\":\"https:\/\/tamsanmotor.com\/index.php\/urunler\/varyatorler\/dokum-s-serisi\/#breadcrumb\",\"itemListElement\":[{\"@type\":\"ListItem\",\"position\":1,\"name\":\"Ana sayfa\",\"item\":\"https:\/\/tamsanmotor.com\/\"},{\"@type\":\"ListItem\",\"position\":2,\"name\":\"\u00dcr\u00fcnler\",\"item\":\"https:\/\/tamsanmotor.com\/index.php\/urunler\/\"},{\"@type\":\"ListItem\",\"position\":3,\"name\":\"Varyat\u00f6rler\",\"item\":\"https:\/\/tamsanmotor.com\/index.php\/urunler\/varyatorler\/\"},{\"@type\":\"ListItem\",\"position\":4,\"name\":\"D\u00f6k\u00fcm S Serisi\"}]},{\"@type\":\"WebSite\",\"@id\":\"https:\/\/tamsanmotor.com\/#website\",\"url\":\"https:\/\/tamsanmotor.com\/\",\"name\":\"Tamsan Elektrik Motor\",\"description\":\"\",\"publisher\":{\"@id\":\"https:\/\/tamsanmotor.com\/#organization\"},\"potentialAction\":[{\"@type\":\"SearchAction\",\"target\":{\"@type\":\"EntryPoint\",\"urlTemplate\":\"https:\/\/tamsanmotor.com\/?s={search_term_string}\"},\"query-input\":{\"@type\":\"PropertyValueSpecification\",\"valueRequired\":true,\"valueName\":\"search_term_string\"}}],\"inLanguage\":\"tr\"},{\"@type\":\"Organization\",\"@id\":\"https:\/\/tamsanmotor.com\/#organization\",\"name\":\"Tamsan Elektrik Motor San. ve Tic. Ltd. \u015eti.\",\"url\":\"https:\/\/tamsanmotor.com\/\",\"logo\":{\"@type\":\"ImageObject\",\"inLanguage\":\"tr\",\"@id\":\"https:\/\/tamsanmotor.com\/#\/schema\/logo\/image\/\",\"url\":\"https:\/\/mlnbhdmb5shf.i.optimole.com\/w:auto\/h:auto\/q:mauto\/f:best\/https:\/\/tamsanmotor.com\/wp-content\/uploads\/2019\/11\/TAMSAN-logo.jpg\",\"contentUrl\":\"https:\/\/mlnbhdmb5shf.i.optimole.com\/w:auto\/h:auto\/q:mauto\/f:best\/https:\/\/tamsanmotor.com\/wp-content\/uploads\/2019\/11\/TAMSAN-logo.jpg\",\"width\":1388,\"height\":292,\"caption\":\"Tamsan Elektrik Motor San. ve Tic. Ltd. \u015eti.\"},\"image\":{\"@id\":\"https:\/\/tamsanmotor.com\/#\/schema\/logo\/image\/\"}}]}<\/script>\n<!-- \/ Yoast SEO plugin. -->","yoast_head_json":{"title":"D\u00f6k\u00fcm S Serisi - Tamsan Motor","robots":{"index":"index","follow":"follow","max-snippet":"max-snippet:-1","max-image-preview":"max-image-preview:large","max-video-preview":"max-video-preview:-1"},"canonical":"https:\/\/tamsanmotor.com\/index.php\/urunler\/varyatorler\/dokum-s-serisi\/","og_locale":"tr_TR","og_type":"article","og_title":"D\u00f6k\u00fcm S Serisi - Tamsan Motor","og_description":"Teknik \u00d6zellikler G\u00f6vde B\u00fcy\u00fckl\u00fc\u011f\u00fc7 ayr\u0131 g\u00f6vde G\u00fc\u00e7 (PN2)0,15 kW &#8211; 9,2 kW Max. Tork144 Nm Tahvil Oran\u0131 (iN)i = (rpm max\/rpm min) i = 5 Diferansiyellii = sonsuz \u00dcr\u00fcn A\u00e7\u0131klamas\u0131 G200 gri d\u00f6kme demir g\u00f6vde. Sertle\u015ftirilmi\u015f ve temperlenmi\u015f 20MnCr5 (UNI8550) mil. 100Cr6 \u0131s\u0131l i\u015flem g\u00f6rm\u00fc\u015f \u00e7elik i\u00e7 bile\u015fenler. Sessiz, titre\u015fimsiz \u00e7al\u0131\u015fma Y\u00fcksek verimlilik \u00c7ift y\u00f6nl\u00fc [&hellip;]","og_url":"https:\/\/tamsanmotor.com\/index.php\/urunler\/varyatorler\/dokum-s-serisi\/","og_site_name":"Tamsan Motor","article_modified_time":"2019-10-11T13:54:48+00:00","twitter_card":"summary_large_image","schema":{"@context":"https:\/\/schema.org","@graph":[{"@type":"WebPage","@id":"https:\/\/tamsanmotor.com\/index.php\/urunler\/varyatorler\/dokum-s-serisi\/","url":"https:\/\/tamsanmotor.com\/index.php\/urunler\/varyatorler\/dokum-s-serisi\/","name":"D\u00f6k\u00fcm S Serisi - Tamsan Motor","isPartOf":{"@id":"https:\/\/tamsanmotor.com\/#website"},"datePublished":"2019-03-09T13:32:42+00:00","dateModified":"2019-10-11T13:54:48+00:00","breadcrumb":{"@id":"https:\/\/tamsanmotor.com\/index.php\/urunler\/varyatorler\/dokum-s-serisi\/#breadcrumb"},"inLanguage":"tr","potentialAction":[{"@type":"ReadAction","target":["https:\/\/tamsanmotor.com\/index.php\/urunler\/varyatorler\/dokum-s-serisi\/"]}]},{"@type":"BreadcrumbList","@id":"https:\/\/tamsanmotor.com\/index.php\/urunler\/varyatorler\/dokum-s-serisi\/#breadcrumb","itemListElement":[{"@type":"ListItem","position":1,"name":"Ana sayfa","item":"https:\/\/tamsanmotor.com\/"},{"@type":"ListItem","position":2,"name":"\u00dcr\u00fcnler","item":"https:\/\/tamsanmotor.com\/index.php\/urunler\/"},{"@type":"ListItem","position":3,"name":"Varyat\u00f6rler","item":"https:\/\/tamsanmotor.com\/index.php\/urunler\/varyatorler\/"},{"@type":"ListItem","position":4,"name":"D\u00f6k\u00fcm S Serisi"}]},{"@type":"WebSite","@id":"https:\/\/tamsanmotor.com\/#website","url":"https:\/\/tamsanmotor.com\/","name":"Tamsan Elektrik Motor","description":"","publisher":{"@id":"https:\/\/tamsanmotor.com\/#organization"},"potentialAction":[{"@type":"SearchAction","target":{"@type":"EntryPoint","urlTemplate":"https:\/\/tamsanmotor.com\/?s={search_term_string}"},"query-input":{"@type":"PropertyValueSpecification","valueRequired":true,"valueName":"search_term_string"}}],"inLanguage":"tr"},{"@type":"Organization","@id":"https:\/\/tamsanmotor.com\/#organization","name":"Tamsan Elektrik Motor San. ve Tic. Ltd. \u015eti.","url":"https:\/\/tamsanmotor.com\/","logo":{"@type":"ImageObject","inLanguage":"tr","@id":"https:\/\/tamsanmotor.com\/#\/schema\/logo\/image\/","url":"https:\/\/mlnbhdmb5shf.i.optimole.com\/w:auto\/h:auto\/q:mauto\/f:best\/https:\/\/tamsanmotor.com\/wp-content\/uploads\/2019\/11\/TAMSAN-logo.jpg","contentUrl":"https:\/\/mlnbhdmb5shf.i.optimole.com\/w:auto\/h:auto\/q:mauto\/f:best\/https:\/\/tamsanmotor.com\/wp-content\/uploads\/2019\/11\/TAMSAN-logo.jpg","width":1388,"height":292,"caption":"Tamsan Elektrik Motor San. ve Tic. Ltd. \u015eti."},"image":{"@id":"https:\/\/tamsanmotor.com\/#\/schema\/logo\/image\/"}}]}},"_links":{"self":[{"href":"https:\/\/tamsanmotor.com\/index.php\/wp-json\/wp\/v2\/pages\/602","targetHints":{"allow":["GET"]}}],"collection":[{"href":"https:\/\/tamsanmotor.com\/index.php\/wp-json\/wp\/v2\/pages"}],"about":[{"href":"https:\/\/tamsanmotor.com\/index.php\/wp-json\/wp\/v2\/types\/page"}],"author":[{"embeddable":true,"href":"https:\/\/tamsanmotor.com\/index.php\/wp-json\/wp\/v2\/users\/1"}],"replies":[{"embeddable":true,"href":"https:\/\/tamsanmotor.com\/index.php\/wp-json\/wp\/v2\/comments?post=602"}],"version-history":[{"count":0,"href":"https:\/\/tamsanmotor.com\/index.php\/wp-json\/wp\/v2\/pages\/602\/revisions"}],"up":[{"embeddable":true,"href":"https:\/\/tamsanmotor.com\/index.php\/wp-json\/wp\/v2\/pages\/560"}],"wp:attachment":[{"href":"https:\/\/tamsanmotor.com\/index.php\/wp-json\/wp\/v2\/media?parent=602"}],"wp:term":[{"taxonomy":"wf_page_folders","embeddable":true,"href":"https:\/\/tamsanmotor.com\/index.php\/wp-json\/wp\/v2\/wf_page_folders?post=602"}],"curies":[{"name":"wp","href":"https:\/\/api.w.org\/{rel}","templated":true}]}}